Last updated on 2022-07-05 23:55:43 CEST.
Flavor | Version | Tinstall | Tcheck | Ttotal | Status | Flags |
---|---|---|---|---|---|---|
r-devel-linux-x86_64-debian-clang | 2.0.8 | 36.56 | 157.68 | 194.24 | OK | |
r-devel-linux-x86_64-debian-gcc | 2.0.8 | 31.15 | 113.58 | 144.73 | OK | |
r-devel-linux-x86_64-fedora-clang | 2.0.8 | 259.94 | NOTE | |||
r-devel-linux-x86_64-fedora-gcc | 2.0.8 | 240.90 | NOTE | |||
r-devel-windows-x86_64 | 2.0.8 | 70.00 | 175.00 | 245.00 | OK | |
r-patched-linux-x86_64 | 2.0.8 | 36.61 | 147.70 | 184.31 | OK | |
r-release-linux-x86_64 | 2.0.8 | 32.58 | 149.14 | 181.72 | OK | |
r-release-macos-arm64 | 2.0.8 | 57.00 | NOTE | |||
r-release-macos-x86_64 | 2.0.8 | 126.00 | OK | |||
r-release-windows-x86_64 | 2.0.8 | 291.00 | 182.00 | 473.00 | OK | |
r-oldrel-macos-arm64 | 2.0.8 | 57.00 | OK | |||
r-oldrel-macos-x86_64 | 2.0.8 | 88.00 | OK | |||
r-oldrel-windows-ix86+x86_64 | 2.0.8 | 62.00 | 170.00 | 232.00 | OK |
Version: 2.0.8
Check: package dependencies
Result: NOTE
Suggests orphaned package: ‘gtools’
Flavors: r-devel-linux-x86_64-fedora-clang, r-devel-linux-x86_64-fedora-gcc
Version: 2.0.8
Check: package dependencies
Result: NOTE
Packages suggested but not available for checking: 'ggtree', 'treeio'
Flavor: r-release-macos-arm64