CRAN Package Check Results for Package ider

Last updated on 2021-02-25 23:49:00 CET.

Flavor Version Tinstall Tcheck Ttotal Status Flags
r-devel-linux-x86_64-debian-clang 0.1.0 3.92 33.00 36.92 OK
r-devel-linux-x86_64-debian-gcc 0.1.0 2.97 25.94 28.91 OK
r-devel-linux-x86_64-fedora-clang 0.1.0 54.17 OK
r-devel-linux-x86_64-fedora-gcc 0.1.0 43.71 OK
r-devel-windows-ix86+x86_64 0.1.0 5.00 42.00 47.00 OK
r-patched-linux-x86_64 0.1.0 3.09 32.30 35.39 OK
r-patched-solaris-x86 0.1.0 64.00 OK
r-release-linux-x86_64 0.1.0 3.85 32.27 36.12 OK
r-release-macos-x86_64 0.1.0 OK
r-release-windows-ix86+x86_64 0.1.0 23.00 5.00 28.00 ERROR
r-oldrel-macos-x86_64 0.1.0 OK
r-oldrel-windows-ix86+x86_64 0.1.0 5.00 46.00 51.00 OK

Check Details

Version: 0.1.0
Check: whether package can be installed
Result: ERROR
    Installation failed.
Flavor: r-release-windows-ix86+x86_64