CRAN Package Check Results for Package iTOP

Last updated on 2019-09-15 23:46:22 CEST.

Flavor Version Tinstall Tcheck Ttotal Status Flags
r-devel-linux-x86_64-debian-clang 1.0.2 2.37 101.47 103.84 OK
r-devel-linux-x86_64-debian-gcc 1.0.2 1.93 78.05 79.98 OK
r-devel-linux-x86_64-fedora-clang 1.0.2 117.85 OK
r-devel-linux-x86_64-fedora-gcc 1.0.2 115.93 OK
r-devel-windows-ix86+x86_64 1.0.2 8.00 145.00 153.00 OK
r-patched-linux-x86_64 1.0.2 2.04 99.22 101.26 OK
r-patched-solaris-x86 1.0.2 198.10 OK
r-release-linux-x86_64 1.0.2 2.18 98.47 100.65 OK
r-release-windows-ix86+x86_64 1.0.2 4.00 113.00 117.00 OK
r-release-osx-x86_64 1.0.2 WARN
r-oldrel-windows-ix86+x86_64 1.0.2 4.00 110.00 114.00 OK
r-oldrel-osx-x86_64 1.0.2 OK

Check Details

Version: 1.0.2
Check: package dependencies
Result: NOTE
    Packages suggested but not available for checking: 'pcalg', 'Rgraphviz'
Flavor: r-release-osx-x86_64

Version: 1.0.2
Check: re-building of vignette outputs
Result: WARN
    Error(s) in re-building vignettes:
    --- re-building ‘vignette.Rmd’ using rmarkdown
    Warning in engine$weave(file, quiet = quiet, encoding = enc) :
     Pandoc (>= 1.12.3) and/or pandoc-citeproc not available. Falling back to R Markdown v1.
    Loading required package: pkgmaker
    Loading required package: registry
    
    Attaching package: 'pkgmaker'
    
    The following object is masked from 'package:base':
    
     isFALSE
    
    Loading required package: rngtools
    Loading required package: cluster
    # NOTE - CRAN check detected: limiting maximum number of cores [2/8]
    NMF - BioConductor layer [NO: missing Biobase] | Shared memory capabilities [OK] | Cores 2/2 | CRAN check
     To enable the Bioconductor layer, try: install.extras('
    NMF
    ') [with Bioconductor repository enabled]
    Quitting from lines 94-99 (vignette.Rmd)
    Error: processing vignette 'vignette.Rmd' failed with diagnostics:
    there is no package called 'pcalg'
    --- failed re-building ‘vignette.Rmd’
    
    SUMMARY: processing the following file failed:
     ‘vignette.Rmd’
    
    Error: Vignette re-building failed.
    Execution halted
Flavor: r-release-osx-x86_64