CRAN Package Check Results for Package iClick

Last updated on 2021-03-02 23:48:34 CET.

Flavor Version Tinstall Tcheck Ttotal Status Flags
r-devel-linux-x86_64-debian-clang 1.5 OK
r-devel-linux-x86_64-debian-gcc 1.5 10.90 79.64 90.54 OK
r-devel-linux-x86_64-fedora-clang 1.5 151.81 OK
r-devel-linux-x86_64-fedora-gcc 1.5 139.92 OK
r-devel-windows-ix86+x86_64 1.5 28.00 134.00 162.00 OK
r-patched-linux-x86_64 1.5 12.62 96.74 109.36 OK
r-patched-solaris-x86 1.5 216.30 OK
r-release-linux-x86_64 1.5 13.47 97.09 110.56 OK
r-release-macos-x86_64 1.5 OK
r-release-windows-ix86+x86_64 1.5 18.00 95.00 113.00 OK
r-oldrel-macos-x86_64 1.5 ERROR
r-oldrel-windows-ix86+x86_64 1.5 23.00 109.00 132.00 OK

Check Details

Version: 1.5
Check: examples
Result: ERROR
    Running examples in ‘iClick-Ex.R’ failed
    The error most likely occurred in:
    
    > ### Name: iClick.ARIMA
    > ### Title: iClick GUI for ARIMA
    > ### Aliases: iClick.ARIMA
    >
    > ### ** Examples
    >
    >
    > ##External data
    > data("world20")
    > y=na.omit(diff(log(world20[,1])))
    >
    > ## Simulation data
    > #dat=rnorm(200,5,1)
    > #y=ts(dat, start = c(1970, 1), frequency = 12)
    >
    > iClick.ARIMA(y)
    Error in structure(.External(.C_dotTclObjv, objv), class = "tclObj") :
     [tcl] invalid command name "toplevel".
    Calls: iClick.ARIMA ... tktoplevel -> tkwidget -> tcl -> .Tcl.objv -> structure
    Execution halted
Flavor: r-oldrel-macos-x86_64