CRAN Package Check Results for Package hyperSpec

Last updated on 2022-06-29 23:53:21 CEST.

Flavor Version Tinstall Tcheck Ttotal Status Flags
r-devel-linux-x86_64-debian-clang 0.100.0 19.39 293.21 312.60 NOTE
r-devel-linux-x86_64-debian-gcc 0.100.0 15.54 216.69 232.23 NOTE
r-devel-linux-x86_64-fedora-clang 0.100.0 402.95 NOTE
r-devel-linux-x86_64-fedora-gcc 0.100.0 396.95 NOTE
r-devel-windows-x86_64 0.100.0 209.00 516.00 725.00 NOTE
r-patched-linux-x86_64 0.100.0 17.75 279.37 297.12 OK
r-release-linux-x86_64 0.100.0 12.28 280.30 292.58 OK
r-release-macos-arm64 0.100.0 132.00 OK
r-release-macos-x86_64 0.100.0 278.00 OK
r-release-windows-x86_64 0.100.0 195.00 784.00 979.00 OK
r-oldrel-macos-arm64 0.100.0 149.00 OK
r-oldrel-macos-x86_64 0.100.0 188.00 OK
r-oldrel-windows-ix86+x86_64 0.100.0 36.00 371.00 407.00 OK

Additional issues

noSuggests

Check Details

Version: 0.100.0
Check: Rd files
Result: NOTE
    checkRd: (-1) palettes.Rd:25: Escaped LaTeX specials: \#
Flavors: r-devel-linux-x86_64-debian-clang, r-devel-linux-x86_64-debian-gcc, r-devel-linux-x86_64-fedora-clang, r-devel-linux-x86_64-fedora-gcc, r-devel-windows-x86_64