CRAN Package Check Results for Package hydroscoper

Last updated on 2020-10-29 23:50:15 CET.

Flavor Version Tinstall Tcheck Ttotal Status Flags
r-devel-linux-x86_64-debian-clang 1.3 2.95 37.13 40.08 OK
r-devel-linux-x86_64-debian-gcc 1.3 2.31 28.91 31.22 OK
r-devel-linux-x86_64-fedora-clang 1.3 55.81 NOTE
r-devel-linux-x86_64-fedora-gcc 1.3 47.48 NOTE
r-devel-windows-ix86+x86_64 1.3 6.00 55.00 61.00 OK
r-patched-linux-x86_64 1.3 2.80 35.77 38.57 OK
r-patched-solaris-x86 1.3 70.50 NOTE
r-release-linux-x86_64 1.3 2.63 35.22 37.85 OK
r-release-macos-x86_64 1.3 NOTE
r-release-windows-ix86+x86_64 1.3 7.00 65.00 72.00 OK
r-oldrel-macos-x86_64 1.3 NOTE
r-oldrel-windows-ix86+x86_64 1.3 5.00 65.00 70.00 OK

Check Details

Version: 1.3
Check: data for non-ASCII characters
Result: NOTE
     Note: found 3026 marked UTF-8 strings
Flavors: r-devel-linux-x86_64-fedora-clang, r-devel-linux-x86_64-fedora-gcc, r-patched-solaris-x86, r-release-macos-x86_64, r-oldrel-macos-x86_64