CRAN Package Check Results for Package hunspell

Last updated on 2019-05-19 02:46:31 CEST.

Flavor Version Tinstall Tcheck Ttotal Status Flags
r-devel-linux-x86_64-debian-clang 3.0 53.92 39.08 93.00 OK
r-devel-linux-x86_64-debian-gcc 3.0 45.43 37.24 82.67 OK
r-devel-linux-x86_64-fedora-clang 3.0 149.50 NOTE
r-devel-linux-x86_64-fedora-gcc 3.0 137.62 OK
r-devel-windows-ix86+x86_64 3.0 175.00 159.00 334.00 ERROR
r-patched-linux-x86_64 3.0 50.90 45.27 96.17 OK
r-patched-solaris-x86 3.0 152.40 WARN
r-release-linux-x86_64 3.0 54.01 45.56 99.57 OK
r-release-windows-ix86+x86_64 3.0 169.00 140.00 309.00 OK
r-release-osx-x86_64 3.0 WARN
r-oldrel-windows-ix86+x86_64 3.0 130.00 141.00 271.00 OK
r-oldrel-osx-x86_64 3.0 WARN

Check Details

Version: 3.0
Check: installed package size
Result: NOTE
     installed size is 7.5Mb
     sub-directories of 1Mb or more:
     dict 1.5Mb
     libs 4.9Mb
Flavors: r-devel-linux-x86_64-fedora-clang, r-release-osx-x86_64, r-oldrel-osx-x86_64

Version: 3.0
Check: running tests for arch ‘i386’
Result: ERROR
     Running 'spelling.R' [1s]
     Running 'testthat.R' [17s]
    Running the tests in 'tests/testthat.R' failed.
    Complete output:
     > library(testthat)
     > library(hunspell)
     >
     > test_check("hunspell")
     -- 1. Failure: UTF8 always works (@test-encodings.R#42) -----------------------
     `hunspell_find(str3, dict = "russian-aot")` did not produce any warnings.
    
     == testthat results ===========================================================
     OK: 127 SKIPPED: 0 WARNINGS: 0 FAILED: 1
     1. Failure: UTF8 always works (@test-encodings.R#42)
    
     Error: testthat unit tests failed
     Execution halted
Flavor: r-devel-windows-ix86+x86_64

Version: 3.0
Check: running tests for arch ‘x64’
Result: ERROR
     Running 'spelling.R' [0s]
     Running 'testthat.R' [17s]
    Running the tests in 'tests/testthat.R' failed.
    Complete output:
     > library(testthat)
     > library(hunspell)
     >
     > test_check("hunspell")
     -- 1. Failure: UTF8 always works (@test-encodings.R#42) -----------------------
     `hunspell_find(str3, dict = "russian-aot")` did not produce any warnings.
    
     == testthat results ===========================================================
     OK: 127 SKIPPED: 0 WARNINGS: 0 FAILED: 1
     1. Failure: UTF8 always works (@test-encodings.R#42)
    
     Error: testthat unit tests failed
     Execution halted
Flavor: r-devel-windows-ix86+x86_64

Version: 3.0
Check: re-building of vignette outputs
Result: WARN
    Error(s) in re-building vignettes:
     ...
    --- re-building ‘intro.Rmd’ using rmarkdown
    Warning in engine$weave(file, quiet = quiet, encoding = enc) :
     Pandoc (>= 1.12.3) and/or pandoc-citeproc not available. Falling back to R Markdown v1.
    trying URL 'https://arxiv.org/e-print/1406.4806v1'
    Content type 'application/x-eprint-tar' length 29273 bytes (28 KB)
    ==================================================
    downloaded 28 KB
    
    Quitting from lines 161-165 (intro.Rmd)
    Error: processing vignette 'intro.Rmd' failed with diagnostics:
    there is no package called 'webshot'
    --- failed re-building ‘intro.Rmd’
    
    SUMMARY: processing the following file failed:
     ‘intro.Rmd’
    
    Error: Vignette re-building failed.
    Execution halted
Flavor: r-patched-solaris-x86

Version: 3.0
Check: re-building of vignette outputs
Result: WARN
    Error(s) in re-building vignettes:
     ...
    --- re-building ‘intro.Rmd’ using rmarkdown
    Warning in engine$weave(file, quiet = quiet, encoding = enc) :
     Pandoc (>= 1.12.3) and/or pandoc-citeproc not available. Falling back to R Markdown v1.
    trying URL 'https://arxiv.org/e-print/1406.4806v1'
    Content type 'application/x-eprint-tar' length 29273 bytes (28 KB)
    ==================================================
    downloaded 28 KB
    
    Quitting from lines 161-165 (intro.Rmd)
    Error: processing vignette 'intro.Rmd' failed with diagnostics:
    cannot open the connection
    --- failed re-building ‘intro.Rmd’
    
    SUMMARY: processing the following file failed:
     ‘intro.Rmd’
    
    Error: Vignette re-building failed.
    Execution halted
Flavor: r-release-osx-x86_64

Version: 3.0
Check: re-building of vignette outputs
Result: WARN
    Error in re-building vignettes:
     ...
    Warning in engine$weave(file, quiet = quiet, encoding = enc) :
     Pandoc (>= 1.12.3) and/or pandoc-citeproc not available. Falling back to R Markdown v1.
    trying URL 'https://arxiv.org/e-print/1406.4806v1'
    Content type 'application/x-eprint-tar' length 29273 bytes (28 KB)
    ==================================================
    downloaded 28 KB
    
    Quitting from lines 161-165 (intro.Rmd)
    Error: processing vignette 'intro.Rmd' failed with diagnostics:
    cannot open the connection
    Execution halted
Flavor: r-oldrel-osx-x86_64