CRAN Package Check Results for Package hunspell

Last updated on 2022-10-05 23:55:02 CEST.

Flavor Version Tinstall Tcheck Ttotal Status Flags
r-devel-linux-x86_64-debian-clang 3.0.2 54.93 47.36 102.29 OK
r-devel-linux-x86_64-debian-gcc 3.0.2 44.59 42.24 86.83 OK
r-devel-linux-x86_64-fedora-clang 3.0.2 196.74 OK
r-devel-linux-x86_64-fedora-gcc 3.0.2 173.89 OK
r-devel-windows-x86_64 3.0.2 79.00 115.00 194.00 OK
r-patched-linux-x86_64 3.0.2 58.46 52.39 110.85 OK
r-release-linux-x86_64 3.0.2 61.74 52.44 114.18 OK
r-release-macos-arm64 3.0.2 69.00 NOTE
r-release-macos-x86_64 3.0.2 126.00 NOTE
r-release-windows-x86_64 3.0.2 66.00 120.00 186.00 OK
r-oldrel-macos-arm64 3.0.2 67.00 NOTE
r-oldrel-macos-x86_64 3.0.2 121.00 NOTE
r-oldrel-windows-ix86+x86_64 3.0.2 161.00 142.00 303.00 NOTE

Check Details

Version: 3.0.2
Check: installed package size
Result: NOTE
     installed size is 7.7Mb
     sub-directories of 1Mb or more:
     dict 1.5Mb
     libs 5.2Mb
Flavors: r-release-macos-arm64, r-release-macos-x86_64, r-oldrel-macos-arm64, r-oldrel-macos-x86_64, r-oldrel-windows-ix86+x86_64