CRAN Package Check Results for Package humanize

Last updated on 2022-12-01 23:51:45 CET.

Flavor Version Tinstall Tcheck Ttotal Status Flags
r-devel-linux-x86_64-debian-clang 0.2.0 3.50 35.81 39.31 NOTE
r-devel-linux-x86_64-debian-gcc 0.2.0 2.83 27.23 30.06 NOTE
r-devel-linux-x86_64-fedora-clang 0.2.0 59.70 NOTE
r-devel-linux-x86_64-fedora-gcc 0.2.0 71.73 NOTE
r-devel-windows-x86_64 0.2.0 15.00 63.00 78.00 NOTE
r-patched-linux-x86_64 0.2.0 3.33 33.56 36.89 NOTE
r-release-linux-x86_64 0.2.0 3.26 34.09 37.35 NOTE
r-release-macos-arm64 0.2.0 22.00 NOTE
r-release-macos-x86_64 0.2.0 30.00 NOTE
r-release-windows-x86_64 0.2.0 9.00 61.00 70.00 NOTE
r-oldrel-macos-arm64 0.2.0 26.00 NOTE
r-oldrel-macos-x86_64 0.2.0 60.00 NOTE
r-oldrel-windows-ix86+x86_64 0.2.0 8.00 58.00 66.00 NOTE

Check Details

Version: 0.2.0
Check: LazyData
Result: NOTE
     'LazyData' is specified without a 'data' directory
Flavors: r-devel-linux-x86_64-debian-clang, r-devel-linux-x86_64-debian-gcc, r-devel-linux-x86_64-fedora-clang, r-devel-linux-x86_64-fedora-gcc, r-devel-windows-x86_64, r-patched-linux-x86_64, r-release-linux-x86_64, r-release-macos-arm64, r-release-macos-x86_64, r-release-windows-x86_64, r-oldrel-macos-arm64, r-oldrel-macos-x86_64, r-oldrel-windows-ix86+x86_64