CRAN Package Check Results for Package httpuv

Last updated on 2022-08-15 23:56:57 CEST.

Flavor Version Tinstall Tcheck Ttotal Status Flags
r-devel-linux-x86_64-debian-clang 1.6.5 212.53 46.06 258.59 NOTE
r-devel-linux-x86_64-debian-gcc 1.6.5 169.78 35.54 205.32 NOTE
r-devel-linux-x86_64-fedora-clang 1.6.5 412.40 NOTE
r-devel-linux-x86_64-fedora-gcc 1.6.5 390.34 NOTE
r-devel-windows-x86_64 1.6.5 280.00 99.00 379.00 NOTE
r-patched-linux-x86_64 1.6.5 183.01 43.43 226.44 NOTE
r-release-linux-x86_64 1.6.5 169.71 43.06 212.77 NOTE
r-release-macos-arm64 1.6.5 124.00 NOTE
r-release-macos-x86_64 1.6.5 185.00 NOTE
r-release-windows-x86_64 1.6.5 315.00 107.00 422.00 NOTE
r-oldrel-macos-arm64 1.6.5 133.00 NOTE
r-oldrel-macos-x86_64 1.6.5 194.00 NOTE
r-oldrel-windows-ix86+x86_64 1.6.5 580.00 110.00 690.00 NOTE

Check Details

Version: 1.6.5
Check: for GNU extensions in Makefiles
Result: NOTE
    GNU make is a SystemRequirements.
Flavors: r-devel-linux-x86_64-debian-clang, r-devel-linux-x86_64-debian-gcc, r-devel-linux-x86_64-fedora-clang, r-devel-linux-x86_64-fedora-gcc, r-devel-windows-x86_64, r-patched-linux-x86_64, r-release-linux-x86_64, r-release-macos-arm64, r-release-macos-x86_64, r-release-windows-x86_64, r-oldrel-macos-arm64, r-oldrel-macos-x86_64, r-oldrel-windows-ix86+x86_64

Version: 1.6.5
Check: HTML version of manual
Result: NOTE
    Found the following HTML validation problems:
    PipeServer.html:107:6: Warning: missing </span> before <p>
    PipeServer.html:107:101: Warning: inserting implicit <span>
    PipeServer.html:110:6: Warning: missing </span> before <p>
    PipeServer.html:110:95: Warning: inserting implicit <span>
    PipeServer.html:113:6: Warning: missing </span> before <p>
    PipeServer.html:113:90: Warning: inserting implicit <span>
    PipeServer.html:116:6: Warning: missing </span> before <p>
    PipeServer.html:116:97: Warning: inserting implicit <span>
    PipeServer.html:119:6: Warning: missing </span> before <p>
    PipeServer.html:119:94: Warning: inserting implicit <span>
    PipeServer.html:122:6: Warning: missing </span> before <p>
    PipeServer.html:122:100: Warning: inserting implicit <span>
    PipeServer.html:125:6: Warning: missing </span> before <p>
    PipeServer.html:125:85: Warning: inserting implicit <span>
    PipeServer.html:107:6: Warning: trimming empty <span>
    PipeServer.html:110:6: Warning: trimming empty <span>
    PipeServer.html:113:6: Warning: trimming empty <span>
    PipeServer.html:116:6: Warning: trimming empty <span>
    PipeServer.html:119:6: Warning: trimming empty <span>
    PipeServer.html:122:6: Warning: trimming empty <span>
    PipeServer.html:125:6: Warning: trimming empty <span>
    WebServer.html:107:6: Warning: missing </span> before <p>
    WebServer.html:107:101: Warning: inserting implicit <span>
    WebServer.html:110:6: Warning: missing </span> before <p>
    WebServer.html:110:95: Warning: inserting implicit <span>
    WebServer.html:113:6: Warning: missing </span> before <p>
    WebServer.html:113:90: Warning: inserting implicit <span>
    WebServer.html:116:6: Warning: missing </span> before <p>
    WebServer.html:116:97: Warning: inserting implicit <span>
    WebServer.html:119:6: Warning: missing </span> before <p>
    WebServer.html:119:94: Warning: inserting implicit <span>
    WebServer.html:122:6: Warning: missing </span> before <p>
    WebServer.html:122:100: Warning: inserting implicit <span>
    WebServer.html:125:6: Warning: missing </span> before <p>
    WebServer.html:125:85: Warning: inserting implicit <span>
    WebServer.html:107:6: Warning: trimming empty <span>
    WebServer.html:110:6: Warning: trimming empty <span>
    WebServer.html:113:6: Warning: trimming empty <span>
    WebServer.html:116:6: Warning: trimming empty <span>
    WebServer.html:119:6: Warning: trimming empty <span>
    WebServer.html:122:6: Warning: trimming empty <span>
    WebServer.html:125:6: Warning: trimming empty <span>
Flavors: r-devel-linux-x86_64-debian-clang, r-devel-linux-x86_64-debian-gcc, r-devel-linux-x86_64-fedora-clang, r-devel-linux-x86_64-fedora-gcc

Version: 1.6.5
Check: installed package size
Result: NOTE
     installed size is 9.4Mb
     sub-directories of 1Mb or more:
     libs 9.1Mb
Flavors: r-release-macos-arm64, r-release-macos-x86_64, r-oldrel-macos-arm64, r-oldrel-macos-x86_64