CRAN Package Check Results for Package hpa

Last updated on 2021-02-25 23:49:00 CET.

Flavor Version Tinstall Tcheck Ttotal Status Flags
r-devel-linux-x86_64-debian-clang 1.1.3 201.05 35.54 236.59 NOTE
r-devel-linux-x86_64-debian-gcc 1.1.3 173.47 27.69 201.16 NOTE
r-devel-linux-x86_64-fedora-clang 1.1.3 383.29 NOTE
r-devel-linux-x86_64-fedora-gcc 1.1.3 374.24 NOTE
r-devel-windows-ix86+x86_64 1.1.3 336.00 67.00 403.00 NOTE
r-patched-linux-x86_64 1.1.3 190.90 34.46 225.36 NOTE
r-patched-solaris-x86 1.1.3 312.10 NOTE
r-release-linux-x86_64 1.1.3 188.08 34.82 222.90 NOTE
r-release-macos-x86_64 1.1.3 NOTE
r-release-windows-ix86+x86_64 1.1.3 455.00 85.00 540.00 NOTE
r-oldrel-macos-x86_64 1.1.3 NOTE
r-oldrel-windows-ix86+x86_64 1.1.3 312.00 80.00 392.00 NOTE

Check Details

Version: 1.1.3
Check: for GNU extensions in Makefiles
Result: NOTE
    GNU make is a SystemRequirements.
Flavors: r-devel-linux-x86_64-debian-clang, r-devel-linux-x86_64-debian-gcc, r-devel-linux-x86_64-fedora-clang, r-devel-linux-x86_64-fedora-gcc, r-devel-windows-ix86+x86_64, r-patched-linux-x86_64, r-patched-solaris-x86, r-release-linux-x86_64, r-release-macos-x86_64, r-release-windows-ix86+x86_64, r-oldrel-macos-x86_64, r-oldrel-windows-ix86+x86_64

Version: 1.1.3
Check: installed package size
Result: NOTE
     installed size is 17.3Mb
     sub-directories of 1Mb or more:
     libs 17.0Mb
Flavors: r-devel-linux-x86_64-fedora-clang, r-release-macos-x86_64, r-oldrel-macos-x86_64

Version: 1.1.3
Check: R code for possible problems
Result: NOTE
    plot.hpaML: no visible global function definition for ‘plot’
    Undefined global functions or variables:
     plot
    Consider adding
     importFrom("graphics", "plot")
    to your NAMESPACE file.
Flavors: r-oldrel-macos-x86_64, r-oldrel-windows-ix86+x86_64