CRAN Package Check Results for Package horserule

Last updated on 2020-09-26 23:46:35 CEST.

Flavor Version Tinstall Tcheck Ttotal Status Flags
r-devel-linux-x86_64-debian-clang 1.0.0 10.82 124.40 135.22 NOTE
r-devel-linux-x86_64-debian-gcc 1.0.0 9.29 90.93 100.22 NOTE
r-devel-linux-x86_64-fedora-clang 1.0.0 179.44 NOTE
r-devel-linux-x86_64-fedora-gcc 1.0.0 154.65 NOTE
r-devel-windows-ix86+x86_64 1.0.0 29.00 149.00 178.00 OK
r-patched-linux-x86_64 1.0.0 12.21 114.77 126.98 NOTE
r-patched-solaris-x86 1.0.0 245.90 NOTE
r-release-linux-x86_64 1.0.0 10.74 114.70 125.44 NOTE
r-release-macos-x86_64 1.0.0 NOTE
r-release-windows-ix86+x86_64 1.0.0 46.00 147.00 193.00 OK
r-oldrel-macos-x86_64 1.0.0 NOTE
r-oldrel-windows-ix86+x86_64 1.0.0 25.00 141.00 166.00 OK

Check Details

Version: 1.0.0
Check: for non-standard things in the check directory
Result: NOTE
    Found the following files/directories:
     'NUL'
Flavors: r-devel-linux-x86_64-debian-clang, r-devel-linux-x86_64-debian-gcc, r-devel-linux-x86_64-fedora-clang, r-devel-linux-x86_64-fedora-gcc, r-patched-linux-x86_64, r-patched-solaris-x86, r-release-linux-x86_64

Version: 1.0.0
Check: dependencies in R code
Result: NOTE
    Namespaces in Imports field not imported from:
     ‘MASS’ ‘Rdpack’
     All declared Imports should be used.
Flavors: r-devel-linux-x86_64-fedora-clang, r-devel-linux-x86_64-fedora-gcc, r-patched-solaris-x86, r-release-macos-x86_64, r-oldrel-macos-x86_64