Last updated on 2022-07-06 23:52:46 CEST.
Flavor | Version | Tinstall | Tcheck | Ttotal | Status | Flags |
---|---|---|---|---|---|---|
r-devel-linux-x86_64-debian-clang | 1.2-6 | 4.18 | 56.88 | 61.06 | NOTE | |
r-devel-linux-x86_64-debian-gcc | 1.2-6 | 4.00 | 43.44 | 47.44 | NOTE | |
r-devel-linux-x86_64-fedora-clang | 1.2-6 | 89.65 | NOTE | |||
r-devel-linux-x86_64-fedora-gcc | 1.2-6 | 88.86 | NOTE | |||
r-devel-windows-x86_64 | 1.2-6 | 16.00 | 86.00 | 102.00 | NOTE | |
r-patched-linux-x86_64 | 1.2-6 | 4.72 | 55.08 | 59.80 | NOTE | |
r-release-linux-x86_64 | 1.2-6 | 4.30 | 54.86 | 59.16 | NOTE | |
r-release-macos-arm64 | 1.2-6 | 24.00 | NOTE | |||
r-release-macos-x86_64 | 1.2-6 | 38.00 | NOTE | |||
r-release-windows-x86_64 | 1.2-6 | 15.00 | 89.00 | 104.00 | NOTE | |
r-oldrel-macos-arm64 | 1.2-6 | 34.00 | NOTE | |||
r-oldrel-macos-x86_64 | 1.2-6 | 52.00 | NOTE | |||
r-oldrel-windows-ix86+x86_64 | 1.2-6 | 10.00 | 81.00 | 91.00 | NOTE |
Version: 1.2-6
Check: package dependencies
Result: NOTE
Package suggested but not available for checking: 'glmmADMB'
Flavors: r-devel-linux-x86_64-debian-clang, r-devel-linux-x86_64-debian-gcc, r-devel-linux-x86_64-fedora-clang, r-devel-linux-x86_64-fedora-gcc, r-devel-windows-x86_64, r-patched-linux-x86_64, r-release-linux-x86_64, r-release-macos-arm64, r-release-macos-x86_64, r-release-windows-x86_64, r-oldrel-macos-arm64, r-oldrel-macos-x86_64, r-oldrel-windows-ix86+x86_64