CRAN Package Check Results for Package hmclearn

Last updated on 2024-06-13 00:55:17 CEST.

Flavor Version Tinstall Tcheck Ttotal Status Flags
r-devel-linux-x86_64-debian-clang 0.0.5 4.12 144.04 148.16 OK
r-devel-linux-x86_64-debian-gcc 0.0.5 0.53 1.73 2.26 ERROR
r-devel-linux-x86_64-fedora-clang 0.0.5 175.27 OK
r-devel-linux-x86_64-fedora-gcc 0.0.5 180.47 OK
r-devel-windows-x86_64 0.0.5 5.00 127.00 132.00 OK
r-patched-linux-x86_64 0.0.5 5.68 137.28 142.96 OK
r-release-linux-x86_64 0.0.5 2.84 135.71 138.55 OK
r-release-macos-arm64 0.0.5 63.00 OK
r-release-macos-x86_64 0.0.5 110.00 OK
r-release-windows-x86_64 0.0.5 4.00 134.00 138.00 OK
r-oldrel-macos-arm64 0.0.5 62.00 OK
r-oldrel-macos-x86_64 0.0.5 81.00 OK
r-oldrel-windows-x86_64 0.0.5 7.00 152.00 159.00 OK

Check Details

Version: 0.0.5
Check: package dependencies
Result: ERROR Package required but not available: ‘bayesplot’ Packages suggested but not available for checking: 'lme4', 'ggplot2', 'mlmRev', 'testthat' See section ‘The DESCRIPTION file’ in the ‘Writing R Extensions’ manual. Flavor: r-devel-linux-x86_64-debian-gcc