CRAN Package Check Results for Package highlight

Last updated on 2019-12-08 23:47:24 CET.

Flavor Version Tinstall Tcheck Ttotal Status Flags
r-devel-linux-x86_64-debian-clang 0.4.7.3 65.34 24.82 90.16 OK
r-devel-linux-x86_64-debian-gcc 0.4.7.3 45.83 20.06 65.89 OK
r-devel-linux-x86_64-fedora-clang 0.4.7.3 154.68 NOTE
r-devel-linux-x86_64-fedora-gcc 0.4.7.3 117.51 OK
r-devel-windows-ix86+x86_64 0.4.7.3 162.00 72.00 234.00 OK
r-devel-windows-ix86+x86_64-gcc8 0.4.7.2 149.00 59.00 208.00 WARN
r-patched-linux-x86_64 0.4.7.3 55.34 23.12 78.46 OK
r-patched-solaris-x86 0.4.7.3 171.60 OK
r-release-linux-x86_64 0.4.7.3 52.05 22.94 74.99 OK
r-release-windows-ix86+x86_64 0.4.7.3 26.00 8.00 34.00 ERROR
r-release-osx-x86_64 0.4.7.3 NOTE
r-oldrel-windows-ix86+x86_64 0.4.7.3 20.00 7.00 27.00 ERROR
r-oldrel-osx-x86_64 0.4.7.3 NOTE

Check Details

Version: 0.4.7.3
Check: installed package size
Result: NOTE
     installed size is 9.2Mb
     sub-directories of 1Mb or more:
     highlight 1.1Mb
     libs 7.9Mb
Flavors: r-devel-linux-x86_64-fedora-clang, r-release-osx-x86_64, r-oldrel-osx-x86_64

Version: 0.4.7.2
Check: whether package can be installed
Result: WARN
    Found the following significant warnings:
     codegenerator.cpp:464:4: warning: 'template<class> class std::auto_ptr' is deprecated [-Wdeprecated-declarations]
     codegenerator.cpp:1742:4: warning: 'template<class> class std::auto_ptr' is deprecated [-Wdeprecated-declarations]
     codegenerator.cpp:1743:4: warning: 'template<class> class std::auto_ptr' is deprecated [-Wdeprecated-declarations]
     languagedefinition.cpp:100:3: warning: 'template<class> class std::auto_ptr' is deprecated [-Wdeprecated-declarations]
Flavor: r-devel-windows-ix86+x86_64-gcc8

Version: 0.4.7.3
Check: whether package can be installed
Result: ERROR
    Installation failed.
Flavors: r-release-windows-ix86+x86_64, r-oldrel-windows-ix86+x86_64