CRAN Package Check Results for Package highlight

Last updated on 2019-08-18 23:47:35 CEST.

Flavor Version Tinstall Tcheck Ttotal Status Flags
r-devel-linux-x86_64-debian-clang 0.4.7.2 55.11 23.51 78.62 OK
r-devel-linux-x86_64-debian-gcc 0.4.7.2 45.90 19.59 65.49 WARN
r-devel-linux-x86_64-fedora-clang 0.4.7.2 148.99 WARN
r-devel-linux-x86_64-fedora-gcc 0.4.7.2 122.57 WARN
r-devel-windows-ix86+x86_64 0.4.7.2 158.00 74.00 232.00 OK
r-patched-linux-x86_64 0.4.7.2 53.72 23.80 77.52 OK
r-patched-solaris-x86 0.4.7.2 178.20 OK
r-release-linux-x86_64 0.4.7.2 53.49 24.11 77.60 OK
r-release-windows-ix86+x86_64 0.4.7.2 108.00 73.00 181.00 OK
r-release-osx-x86_64 0.4.7.2 NOTE
r-oldrel-windows-ix86+x86_64 0.4.7.2 103.00 52.00 155.00 OK
r-oldrel-osx-x86_64 0.4.7.2 NOTE

Check Details

Version: 0.4.7.2
Check: whether package can be installed
Result: WARN
    Found the following significant warnings:
     codegenerator.cpp:464:4: warning: ‘template<class> class std::auto_ptr’ is deprecated [-Wdeprecated-declarations]
     codegenerator.cpp:1742:4: warning: ‘template<class> class std::auto_ptr’ is deprecated [-Wdeprecated-declarations]
     codegenerator.cpp:1743:4: warning: ‘template<class> class std::auto_ptr’ is deprecated [-Wdeprecated-declarations]
     languagedefinition.cpp:100:3: warning: ‘template<class> class std::auto_ptr’ is deprecated [-Wdeprecated-declarations]
Flavors: r-devel-linux-x86_64-debian-gcc, r-devel-linux-x86_64-fedora-gcc

Version: 0.4.7.2
Check: whether package can be installed
Result: WARN
    Found the following significant warnings:
     codegenerator.cpp:464:4: warning: 'auto_ptr<Matcher>' is deprecated [-Wdeprecated-declarations]
     codegenerator.cpp:1742:4: warning: 'auto_ptr<Pattern>' is deprecated [-Wdeprecated-declarations]
     codegenerator.cpp:1743:4: warning: 'auto_ptr<Matcher>' is deprecated [-Wdeprecated-declarations]
     languagedefinition.cpp:100:3: warning: 'auto_ptr<Matcher>' is deprecated [-Wdeprecated-declarations]
Flavor: r-devel-linux-x86_64-fedora-clang

Version: 0.4.7.2
Check: installed package size
Result: NOTE
     installed size is 9.2Mb
     sub-directories of 1Mb or more:
     highlight 1.1Mb
     libs 7.9Mb
Flavors: r-devel-linux-x86_64-fedora-clang, r-release-osx-x86_64, r-oldrel-osx-x86_64