CRAN Package Check Results for Package highcharter

Last updated on 2022-07-02 23:50:38 CEST.

Flavor Version Tinstall Tcheck Ttotal Status Flags
r-devel-linux-x86_64-debian-clang 0.9.4 14.78 141.97 156.75 OK
r-devel-linux-x86_64-debian-gcc 0.9.4 11.21 105.36 116.57 OK
r-devel-linux-x86_64-fedora-clang 0.9.4 194.62 NOTE
r-devel-linux-x86_64-fedora-gcc 0.9.4 188.15 NOTE
r-devel-windows-x86_64 0.9.4 223.00 258.00 481.00 OK
r-patched-linux-x86_64 0.9.4 12.65 130.20 142.85 OK
r-release-linux-x86_64 0.9.4 9.97 133.06 143.03 OK
r-release-macos-arm64 0.9.4 57.00 NOTE
r-release-macos-x86_64 0.9.4 111.00 NOTE
r-release-windows-x86_64 0.9.4 168.00 304.00 472.00 OK
r-oldrel-macos-arm64 0.9.4 53.00 NOTE
r-oldrel-macos-x86_64 0.9.4 77.00 NOTE
r-oldrel-windows-ix86+x86_64 0.9.4 31.00 193.00 224.00 OK

Check Details

Version: 0.9.4
Check: data for non-ASCII characters
Result: NOTE
     Note: found 11 marked UTF-8 strings
Flavors: r-devel-linux-x86_64-fedora-clang, r-devel-linux-x86_64-fedora-gcc, r-release-macos-arm64, r-release-macos-x86_64, r-oldrel-macos-arm64, r-oldrel-macos-x86_64