CRAN Package Check Results for Package hierarchicalSets

Last updated on 2022-01-21 23:48:48 CET.

Flavor Version Tinstall Tcheck Ttotal Status Flags
r-devel-linux-x86_64-debian-clang 1.0.2 37.71 110.73 148.44 NOTE
r-devel-linux-x86_64-debian-gcc 1.0.2 30.94 83.69 114.63 NOTE
r-devel-linux-x86_64-fedora-clang 1.0.2 198.43 NOTE
r-devel-linux-x86_64-fedora-gcc 1.0.2 174.17 NOTE
r-devel-windows-x86_64-new-UL 1.0.2 188.00 151.00 339.00 NOTE
r-devel-windows-x86_64-new-TK 1.0.2 NOTE
r-patched-linux-x86_64 1.0.2 32.84 106.27 139.11 NOTE
r-release-linux-x86_64 1.0.2 35.00 104.97 139.97 NOTE
r-release-macos-arm64 1.0.2 NOTE
r-release-macos-x86_64 1.0.2 NOTE
r-release-windows-ix86+x86_64 1.0.2 93.00 180.00 273.00 NOTE
r-oldrel-macos-x86_64 1.0.2 NOTE
r-oldrel-windows-ix86+x86_64 1.0.2 96.00 182.00 278.00 NOTE

Check Details

Version: 1.0.2
Check: dependencies in R code
Result: NOTE
    ':::' call which should be '::': 'ggplot2:::guide_axis'
     See the note in ?`:::` about the use of this operator.
    Unexported objects imported by ':::' calls:
     'ggplot2:::build_guides' 'ggplot2:::scales_list'
     See the note in ?`:::` about the use of this operator.
Flavors: r-devel-linux-x86_64-debian-clang, r-devel-linux-x86_64-debian-gcc, r-devel-linux-x86_64-fedora-clang, r-devel-linux-x86_64-fedora-gcc, r-devel-windows-x86_64-new-UL, r-devel-windows-x86_64-new-TK, r-patched-linux-x86_64, r-release-linux-x86_64, r-release-macos-arm64, r-release-macos-x86_64, r-release-windows-ix86+x86_64, r-oldrel-macos-x86_64, r-oldrel-windows-ix86+x86_64

Version: 1.0.2
Check: compiled code
Result: NOTE
    File ‘hierarchicalSets/libs/hierarchicalSets.so’:
     Found no calls to: ‘R_registerRoutines’, ‘R_useDynamicSymbols’
    
    It is good practice to register native routines and to disable symbol
    search.
    
    See ‘Writing portable packages’ in the ‘Writing R Extensions’ manual.
Flavors: r-devel-linux-x86_64-fedora-clang, r-devel-linux-x86_64-fedora-gcc