Last updated on 2023-06-10 00:54:47 CEST.
Flavor | Version | Tinstall | Tcheck | Ttotal | Status | Flags |
---|---|---|---|---|---|---|
r-devel-linux-x86_64-debian-clang | 3.0 | 18.88 | 127.19 | 146.07 | OK | |
r-devel-linux-x86_64-debian-gcc | 3.0 | 13.99 | 93.53 | 107.52 | OK | |
r-devel-linux-x86_64-fedora-clang | 3.0 | 180.95 | NOTE | |||
r-devel-linux-x86_64-fedora-gcc | 3.0 | 171.30 | NOTE | |||
r-devel-windows-x86_64 | 3.0 | 18.00 | 100.00 | 118.00 | OK | |
r-patched-linux-x86_64 | 3.0 | 19.32 | 118.31 | 137.63 | OK | |
r-release-linux-x86_64 | 3.0 | 17.64 | 117.09 | 134.73 | OK | |
r-release-macos-arm64 | 3.0 | 56.00 | OK | |||
r-release-macos-x86_64 | 3.0 | 84.00 | OK | |||
r-release-windows-x86_64 | 3.0 | 23.00 | 124.00 | 147.00 | OK | |
r-oldrel-macos-arm64 | 3.0 | 47.00 | NOTE | |||
r-oldrel-macos-x86_64 | 3.0 | 90.00 | NOTE | |||
r-oldrel-windows-x86_64 | 3.0 | 22.00 | 118.00 | 140.00 | OK |
Version: 3.0
Check: dependencies in R code
Result: NOTE
Namespace in Imports field not imported from: ‘MCMCpack’
All declared Imports should be used.
Flavors: r-devel-linux-x86_64-fedora-clang, r-devel-linux-x86_64-fedora-gcc, r-oldrel-macos-arm64, r-oldrel-macos-x86_64