Last updated on 2021-02-25 23:49:00 CET.
Flavor | Version | Tinstall | Tcheck | Ttotal | Status | Flags |
---|---|---|---|---|---|---|
r-devel-linux-x86_64-debian-clang | 0.6 | 2.58 | 35.82 | 38.40 | NOTE | |
r-devel-linux-x86_64-debian-gcc | 0.6 | 2.15 | 27.63 | 29.78 | NOTE | |
r-devel-linux-x86_64-fedora-clang | 0.6 | 55.36 | OK | |||
r-devel-linux-x86_64-fedora-gcc | 0.6 | 45.17 | OK | |||
r-devel-windows-ix86+x86_64 | 0.6 | 6.00 | 42.00 | 48.00 | NOTE | |
r-patched-linux-x86_64 | 0.6 | 2.72 | 33.99 | 36.71 | NOTE | |
r-patched-solaris-x86 | 0.6 | 69.40 | OK | |||
r-release-linux-x86_64 | 0.6 | 2.89 | 34.65 | 37.54 | NOTE | |
r-release-macos-x86_64 | 0.6 | OK | ||||
r-release-windows-ix86+x86_64 | 0.6 | 23.00 | 59.00 | 82.00 | NOTE | |
r-oldrel-macos-x86_64 | 0.6 | OK | ||||
r-oldrel-windows-ix86+x86_64 | 0.6 | 5.00 | 66.00 | 71.00 | OK |
Version: 0.6
Check: package vignettes
Result: NOTE
Package vignette with placeholder title 'Vignette Title':
'hexbin-classes.Rmd'
Flavors: r-devel-linux-x86_64-debian-clang, r-devel-linux-x86_64-debian-gcc, r-devel-windows-ix86+x86_64, r-patched-linux-x86_64, r-release-linux-x86_64, r-release-windows-ix86+x86_64