CRAN Package Check Results for Package heritability

Last updated on 2022-07-05 23:55:42 CEST.

Flavor Version Tinstall Tcheck Ttotal Status Flags
r-devel-linux-x86_64-debian-clang 1.3 4.01 35.89 39.90 NOTE
r-devel-linux-x86_64-debian-gcc 1.3 2.63 27.87 30.50 NOTE
r-devel-linux-x86_64-fedora-clang 1.3 57.83 NOTE
r-devel-linux-x86_64-fedora-gcc 1.3 57.25 NOTE
r-devel-windows-x86_64 1.3 27.00 73.00 100.00 NOTE
r-patched-linux-x86_64 1.3 3.17 34.99 38.16 NOTE
r-release-linux-x86_64 1.3 3.29 34.60 37.89 NOTE
r-release-macos-arm64 1.3 20.00 NOTE
r-release-macos-x86_64 1.3 27.00 NOTE
r-release-windows-x86_64 1.3 34.00 62.00 96.00 NOTE
r-oldrel-macos-arm64 1.3 25.00 NOTE
r-oldrel-macos-x86_64 1.3 45.00 NOTE
r-oldrel-windows-ix86+x86_64 1.3 7.00 55.00 62.00 OK

Check Details

Version: 1.3
Check: package dependencies
Result: NOTE
    Package suggested but not available for checking: 'synbreed'
Flavors: r-devel-linux-x86_64-debian-clang, r-devel-linux-x86_64-debian-gcc, r-devel-linux-x86_64-fedora-clang, r-devel-linux-x86_64-fedora-gcc, r-devel-windows-x86_64, r-patched-linux-x86_64, r-release-linux-x86_64, r-release-macos-arm64, r-release-macos-x86_64, r-release-windows-x86_64, r-oldrel-macos-arm64, r-oldrel-macos-x86_64