CRAN Package Check Results for Package helsinki

Last updated on 2019-10-20 23:47:26 CEST.

Flavor Version Tinstall Tcheck Ttotal Status Flags
r-devel-linux-x86_64-debian-clang 0.9.29 4.17 40.95 45.12 OK
r-devel-linux-x86_64-debian-gcc 0.9.29 3.33 33.12 36.45 OK
r-devel-linux-x86_64-fedora-clang 0.9.29 57.70 NOTE
r-devel-linux-x86_64-fedora-gcc 0.9.29 59.28 NOTE
r-devel-windows-ix86+x86_64 0.9.29 14.00 82.00 96.00 OK
r-patched-linux-x86_64 0.9.29 3.57 40.71 44.28 OK
r-patched-solaris-x86 0.9.29 87.20 NOTE
r-release-linux-x86_64 0.9.29 3.47 40.60 44.07 OK
r-release-windows-ix86+x86_64 0.9.29 18.00 83.00 101.00 OK
r-release-osx-x86_64 0.9.29 NOTE
r-oldrel-windows-ix86+x86_64 0.9.29 7.00 66.00 73.00 OK
r-oldrel-osx-x86_64 0.9.29 NOTE

Check Details

Version: 0.9.29
Check: data for non-ASCII characters
Result: NOTE
     Note: found 37185 marked UTF-8 strings
Flavors: r-devel-linux-x86_64-fedora-clang, r-devel-linux-x86_64-fedora-gcc, r-patched-solaris-x86, r-release-osx-x86_64, r-oldrel-osx-x86_64