CRAN Package Check Results for Package helsinki

Last updated on 2019-07-15 00:50:34 CEST.

Flavor Version Tinstall Tcheck Ttotal Status Flags
r-devel-linux-x86_64-debian-clang 0.9.29 3.67 40.75 44.42 OK
r-devel-linux-x86_64-debian-gcc 0.9.29 2.99 33.80 36.79 OK
r-devel-linux-x86_64-fedora-clang 0.9.29 56.44 NOTE
r-devel-linux-x86_64-fedora-gcc 0.9.29 71.27 NOTE
r-devel-windows-ix86+x86_64 0.9.29 14.00 74.00 88.00 OK
r-patched-linux-x86_64 0.9.29 3.84 41.37 45.21 OK
r-patched-solaris-x86 0.9.29 95.50 NOTE
r-release-linux-x86_64 0.9.29 3.90 40.98 44.88 OK
r-release-windows-ix86+x86_64 0.9.29 11.00 108.00 119.00 OK
r-release-osx-x86_64 0.9.29 NOTE
r-oldrel-windows-ix86+x86_64 0.9.29 11.00 80.00 91.00 OK
r-oldrel-osx-x86_64 0.9.29 NOTE

Check Details

Version: 0.9.29
Check: data for non-ASCII characters
Result: NOTE
     Note: found 37185 marked UTF-8 strings
Flavors: r-devel-linux-x86_64-fedora-clang, r-devel-linux-x86_64-fedora-gcc, r-patched-solaris-x86, r-release-osx-x86_64, r-oldrel-osx-x86_64