CRAN Package Check Results for Package hdlm

Last updated on 2022-01-17 23:51:25 CET.

Flavor Version Tinstall Tcheck Ttotal Status Flags
r-devel-linux-x86_64-debian-clang 1.3.1 10.35 105.72 116.07 OK
r-devel-linux-x86_64-debian-gcc 1.3.1 8.87 80.24 89.11 OK
r-devel-linux-x86_64-fedora-clang 1.3.1 145.70 NOTE
r-devel-linux-x86_64-fedora-gcc 1.3.1 132.19 NOTE
r-devel-windows-x86_64-new-UL 1.3.1 41.00 160.00 201.00 OK
r-devel-windows-x86_64-new-TK 1.3.1 OK
r-patched-linux-x86_64 1.3.1 10.04 100.97 111.01 OK
r-release-linux-x86_64 1.3.1 OK
r-release-macos-arm64 1.3.1 OK
r-release-macos-x86_64 1.3.1 OK
r-release-windows-ix86+x86_64 1.3.1 24.00 151.00 175.00 OK
r-oldrel-macos-x86_64 1.3.1 OK
r-oldrel-windows-ix86+x86_64 1.3.1 26.00 153.00 179.00 OK

Check Details

Version: 1.3.1
Check: compiled code
Result: NOTE
    File ‘hdlm/libs/hdlm.so’:
     Found no calls to: ‘R_registerRoutines’, ‘R_useDynamicSymbols’
    
    It is good practice to register native routines and to disable symbol
    search.
    
    See ‘Writing portable packages’ in the ‘Writing R Extensions’ manual.
Flavors: r-devel-linux-x86_64-fedora-clang, r-devel-linux-x86_64-fedora-gcc