CRAN Package Check Results for Package hawkes

Last updated on 2019-07-22 06:47:39 CEST.

Flavor Version Tinstall Tcheck Ttotal Status Flags
r-devel-linux-x86_64-debian-clang 0.0-4 29.56 21.53 51.09 OK
r-devel-linux-x86_64-debian-gcc 0.0-4 22.97 17.63 40.60 OK
r-devel-linux-x86_64-fedora-clang 0.0-4 69.12 NOTE
r-devel-linux-x86_64-fedora-gcc 0.0-4 69.54 NOTE
r-devel-windows-ix86+x86_64 0.0-4 53.00 70.00 123.00 OK
r-patched-linux-x86_64 0.0-4 27.57 21.26 48.83 OK
r-patched-solaris-x86 0.0-4 84.60 OK
r-release-linux-x86_64 0.0-4 24.32 21.30 45.62 OK
r-release-windows-ix86+x86_64 0.0-4 54.00 53.00 107.00 OK
r-release-osx-x86_64 0.0-4 OK
r-oldrel-windows-ix86+x86_64 0.0-4 69.00 53.00 122.00 OK
r-oldrel-osx-x86_64 0.0-4 OK

Check Details

Version: 0.0-4
Check: compiled code
Result: NOTE
    File ‘hawkes/libs/hawkes.so’:
     Found no calls to: ‘R_registerRoutines’, ‘R_useDynamicSymbols’
    
    It is good practice to register native routines and to disable symbol
    search.
    
    See ‘Writing portable packages’ in the ‘Writing R Extensions’ manual.
Flavors: r-devel-linux-x86_64-fedora-clang, r-devel-linux-x86_64-fedora-gcc