Last updated on 2021-02-23 23:50:36 CET.
Flavor | Version | Tinstall | Tcheck | Ttotal | Status | Flags |
---|---|---|---|---|---|---|
r-devel-linux-x86_64-debian-clang | 2.3.1 | 57.07 | 50.81 | 107.88 | NOTE | |
r-devel-linux-x86_64-debian-gcc | 2.3.1 | 37.23 | 39.75 | 76.98 | NOTE | |
r-devel-linux-x86_64-fedora-clang | 2.3.1 | 160.90 | NOTE | |||
r-devel-linux-x86_64-fedora-gcc | 2.3.1 | 142.72 | NOTE | |||
r-devel-windows-ix86+x86_64 | 2.3.1 | 116.00 | 77.00 | 193.00 | NOTE | |
r-patched-linux-x86_64 | 2.3.1 | 44.00 | 49.03 | 93.03 | NOTE | |
r-patched-solaris-x86 | 2.3.1 | 141.60 | NOTE | |||
r-release-linux-x86_64 | 2.3.1 | 47.75 | 48.17 | 95.92 | NOTE | |
r-release-macos-x86_64 | 2.3.1 | NOTE | ||||
r-release-windows-ix86+x86_64 | 2.3.1 | 145.00 | 125.00 | 270.00 | NOTE | |
r-oldrel-macos-x86_64 | 2.3.1 | NOTE | ||||
r-oldrel-windows-ix86+x86_64 | 2.3.1 | 107.00 | 106.00 | 213.00 | NOTE |
Version: 2.3.1
Check: for GNU extensions in Makefiles
Result: NOTE
GNU make is a SystemRequirements.
Flavors: r-devel-linux-x86_64-debian-clang, r-devel-linux-x86_64-debian-gcc, r-devel-linux-x86_64-fedora-clang, r-devel-linux-x86_64-fedora-gcc, r-devel-windows-ix86+x86_64, r-patched-linux-x86_64, r-patched-solaris-x86, r-release-linux-x86_64, r-release-macos-x86_64, r-release-windows-ix86+x86_64, r-oldrel-macos-x86_64, r-oldrel-windows-ix86+x86_64
Version: 2.3.1
Check: Rd cross-references
Result: NOTE
Undeclared package ‘dplyr’ in Rd xrefs
Flavor: r-devel-linux-x86_64-fedora-clang