CRAN Package Check Results for Package hash

Last updated on 2019-08-11 23:47:31 CEST.

Flavor Version Tinstall Tcheck Ttotal Status Flags
r-devel-linux-x86_64-debian-clang 2.2.6.1 2.81 24.71 27.52 NOTE
r-devel-linux-x86_64-debian-gcc 2.2.6.1 2.26 19.99 22.25 NOTE
r-devel-linux-x86_64-fedora-clang 2.2.6.1 33.05 NOTE
r-devel-linux-x86_64-fedora-gcc 2.2.6.1 32.16 NOTE
r-devel-windows-ix86+x86_64 2.2.6.1 9.00 61.00 70.00 NOTE
r-patched-linux-x86_64 2.2.6.1 2.37 24.46 26.83 NOTE
r-patched-solaris-x86 2.2.6.1 55.80 NOTE
r-release-linux-x86_64 2.2.6.1 2.22 24.55 26.77 NOTE
r-release-windows-ix86+x86_64 2.2.6.1 9.00 39.00 48.00 NOTE
r-release-osx-x86_64 2.2.6.1 NOTE
r-oldrel-windows-ix86+x86_64 2.2.6.1 4.00 57.00 61.00 NOTE
r-oldrel-osx-x86_64 2.2.6.1 NOTE

Check Details

Version: 2.2.6.1
Check: top-level files
Result: NOTE
    File
     LICENSE
    is not mentioned in the DESCRIPTION file.
    Non-standard file/directory found at top level:
     'dev'
Flavors: r-devel-linux-x86_64-debian-clang, r-devel-linux-x86_64-debian-gcc, r-devel-linux-x86_64-fedora-clang, r-devel-linux-x86_64-fedora-gcc, r-patched-linux-x86_64, r-release-linux-x86_64

Version: 2.2.6.1
Check: top-level files
Result: NOTE
    File
     LICENSE
    is not mentioned in the DESCRIPTION file.
Flavors: r-devel-windows-ix86+x86_64, r-patched-solaris-x86, r-release-windows-ix86+x86_64, r-release-osx-x86_64, r-oldrel-windows-ix86+x86_64, r-oldrel-osx-x86_64