CRAN Package Check Results for Package hash

Last updated on 2019-06-07 02:50:53 CEST.

Flavor Version Tinstall Tcheck Ttotal Status Flags
r-devel-linux-x86_64-debian-clang 2.2.6.1 2.32 24.29 26.61 NOTE
r-devel-linux-x86_64-debian-gcc 2.2.6.1 1.75 20.15 21.90 NOTE
r-devel-linux-x86_64-fedora-clang 2.2.6.1 32.63 NOTE
r-devel-linux-x86_64-fedora-gcc 2.2.6.1 31.67 NOTE
r-devel-windows-ix86+x86_64 2.2.6.1 9.00 58.00 67.00 NOTE
r-patched-linux-x86_64 2.2.6.1 2.32 24.21 26.53 NOTE
r-patched-solaris-x86 2.2.6.1 53.60 NOTE
r-release-linux-x86_64 2.2.6.1 2.54 24.51 27.05 NOTE
r-release-windows-ix86+x86_64 2.2.6.1 5.00 53.00 58.00 NOTE
r-release-osx-x86_64 2.2.6.1 NOTE
r-oldrel-windows-ix86+x86_64 2.2.6.1 5.00 49.00 54.00 NOTE
r-oldrel-osx-x86_64 2.2.6.1 NOTE

Check Details

Version: 2.2.6.1
Check: top-level files
Result: NOTE
    File
     LICENSE
    is not mentioned in the DESCRIPTION file.
    Non-standard file/directory found at top level:
     'dev'
Flavors: r-devel-linux-x86_64-debian-clang, r-devel-linux-x86_64-debian-gcc, r-devel-linux-x86_64-fedora-clang, r-devel-linux-x86_64-fedora-gcc, r-patched-linux-x86_64, r-release-linux-x86_64

Version: 2.2.6.1
Check: top-level files
Result: NOTE
    File
     LICENSE
    is not mentioned in the DESCRIPTION file.
Flavors: r-devel-windows-ix86+x86_64, r-patched-solaris-x86, r-release-windows-ix86+x86_64, r-release-osx-x86_64, r-oldrel-windows-ix86+x86_64, r-oldrel-osx-x86_64