CRAN Package Check Results for Package hansard

Last updated on 2022-08-08 23:52:58 CEST.

Flavor Version Tinstall Tcheck Ttotal Status Flags
r-devel-linux-x86_64-debian-clang 0.8.0 11.35 128.36 139.71 OK
r-devel-linux-x86_64-debian-gcc 0.8.0 9.04 92.98 102.02 OK
r-devel-linux-x86_64-fedora-clang 0.8.0 169.38 NOTE
r-devel-linux-x86_64-fedora-gcc 0.8.0 171.10 OK
r-devel-windows-x86_64 0.8.0 57.00 154.00 211.00 OK
r-patched-linux-x86_64 0.8.0 11.45 116.87 128.32 OK
r-release-linux-x86_64 0.8.0 OK
r-release-macos-arm64 0.8.0 44.00 OK
r-release-macos-x86_64 0.8.0 90.00 OK
r-release-windows-x86_64 0.8.0 67.00 150.00 217.00 OK
r-oldrel-macos-arm64 0.8.0 57.00 OK
r-oldrel-macos-x86_64 0.8.0 94.00 OK
r-oldrel-windows-ix86+x86_64 0.8.0 23.00 144.00 167.00 OK

Check Details

Version: 0.8.0
Check: Rd cross-references
Result: NOTE
    Undeclared package ‘mnis’ in Rd xrefs
Flavor: r-devel-linux-x86_64-fedora-clang