Last updated on 2023-01-30 00:31:14 CET.
Flavor | Version | Tinstall | Tcheck | Ttotal | Status | Flags |
---|---|---|---|---|---|---|
r-devel-linux-x86_64-debian-clang | 0.2.3 | 16.08 | 577.72 | 593.80 | OK | |
r-devel-linux-x86_64-debian-gcc | 0.2.3 | 9.15 | 475.84 | 484.99 | OK | |
r-devel-linux-x86_64-fedora-clang | 0.2.3 | 715.34 | OK | |||
r-devel-linux-x86_64-fedora-gcc | 0.2.3 | 812.90 | OK | |||
r-devel-windows-x86_64 | 0.2.3 | 38.00 | 653.00 | 691.00 | OK | |
r-patched-linux-x86_64 | 0.2.3 | 17.14 | 635.03 | 652.17 | OK | |
r-release-linux-x86_64 | 0.2.3 | 14.92 | 646.97 | 661.89 | OK | |
r-release-macos-arm64 | 0.2.3 | 292.00 | OK | |||
r-release-macos-x86_64 | 0.2.3 | 433.00 | OK | |||
r-release-windows-x86_64 | 0.2.3 | 27.00 | 637.00 | 664.00 | OK | |
r-oldrel-macos-arm64 | 0.2.3 | 243.00 | OK | |||
r-oldrel-macos-x86_64 | 0.2.3 | 288.00 | OK | |||
r-oldrel-windows-ix86+x86_64 | 0.2.3 | 34.00 | 668.00 | 702.00 | WARN |
Version: 0.2.3
Check: for unstated dependencies in ‘tests’
Result: WARN
Warning: unable to access index for repository https://bioconductor.org/packages/3.14/bioc/src/contrib:
cannot open URL 'https://bioconductor.org/packages/3.14/bioc/src/contrib/PACKAGES'
Warning: unable to access index for repository https://bioconductor.org/packages/3.14/data/annotation/src/contrib:
cannot open URL 'https://bioconductor.org/packages/3.14/data/annotation/src/contrib/PACKAGES'
Warning: unable to access index for repository https://bioconductor.org/packages/3.14/data/experiment/src/contrib:
cannot open URL 'https://bioconductor.org/packages/3.14/data/experiment/src/contrib/PACKAGES'
Flavor: r-oldrel-windows-ix86+x86_64