CRAN Package Check Results for Package hahmmr

Last updated on 2024-06-19 00:49:30 CEST.

Flavor Version Tinstall Tcheck Ttotal Status Flags
r-devel-linux-x86_64-debian-clang 1.0.0 91.91 95.92 187.83 OK
r-devel-linux-x86_64-debian-gcc 1.0.0 58.67 69.93 128.60 OK
r-devel-linux-x86_64-fedora-clang 1.0.0 257.29 OK
r-devel-linux-x86_64-fedora-gcc 1.0.0 246.22 OK
r-devel-windows-x86_64 1.0.0 70.00 116.00 186.00 OK
r-patched-linux-x86_64 1.0.0 71.14 89.07 160.21 OK
r-release-linux-x86_64 1.0.0 53.50 91.85 145.35 OK
r-release-macos-arm64 1.0.0 59.00 NOTE
r-release-macos-x86_64 1.0.0 77.00 NOTE
r-release-windows-x86_64 1.0.0 74.00 146.00 220.00 OK
r-oldrel-macos-arm64 1.0.0 67.00 NOTE
r-oldrel-macos-x86_64 1.0.0 100.00 NOTE
r-oldrel-windows-x86_64 1.0.0 90.00 194.00 284.00 OK

Check Details

Version: 1.0.0
Check: installed package size
Result: NOTE installed size is 5.8Mb sub-directories of 1Mb or more: data 3.0Mb libs 2.5Mb Flavors: r-release-macos-arm64, r-release-macos-x86_64, r-oldrel-macos-arm64, r-oldrel-macos-x86_64