CRAN Package Check Results for Package hSDM

Last updated on 2022-12-04 23:53:35 CET.

Flavor Version Tinstall Tcheck Ttotal Status Flags
r-devel-linux-x86_64-debian-clang 1.4.1 23.05 150.98 174.03 WARN
r-devel-linux-x86_64-debian-gcc 1.4.1 15.52 111.08 126.60 WARN
r-devel-linux-x86_64-fedora-clang 1.4.1 223.72 WARN
r-devel-linux-x86_64-fedora-gcc 1.4.1 223.16 WARN
r-devel-windows-x86_64 1.4.1 68.00 253.00 321.00 OK
r-patched-linux-x86_64 1.4.1 19.47 146.90 166.37 OK
r-release-linux-x86_64 1.4.1 16.83 138.47 155.30 OK
r-release-macos-arm64 1.4.1 67.00 OK
r-release-macos-x86_64 1.4.1 95.00 OK
r-release-windows-x86_64 1.4.1 70.00 258.00 328.00 OK
r-oldrel-macos-arm64 1.4.1 68.00 OK
r-oldrel-macos-x86_64 1.4.1 139.00 OK
r-oldrel-windows-ix86+x86_64 1.4.1 50.00 255.00 305.00 OK

Check Details

Version: 1.4.1
Check: whether package can be installed
Result: WARN
    Found the following significant warnings:
     ./useful.h:6:15: warning: a function declaration without a prototype is deprecated in all versions of C [-Wstrict-prototypes]
Flavors: r-devel-linux-x86_64-debian-clang, r-devel-linux-x86_64-fedora-clang

Version: 1.4.1
Check: whether package can be installed
Result: WARN
    Found the following significant warnings:
     useful.h:6:1: warning: function declaration isn’t a prototype [-Wstrict-prototypes]
Flavors: r-devel-linux-x86_64-debian-gcc, r-devel-linux-x86_64-fedora-gcc