CRAN Package Check Results for Package hNMF

Last updated on 2022-06-26 23:52:00 CEST.

Flavor Version Tinstall Tcheck Ttotal Status Flags
r-devel-linux-x86_64-debian-clang 1.0 11.06 109.52 120.58 NOTE
r-devel-linux-x86_64-debian-gcc 1.0 9.64 83.22 92.86 NOTE
r-devel-linux-x86_64-fedora-clang 1.0 154.47 NOTE
r-devel-linux-x86_64-fedora-gcc 1.0 150.60 NOTE
r-devel-windows-x86_64 1.0 18.00 121.00 139.00 NOTE
r-patched-linux-x86_64 1.0 11.62 102.97 114.59 NOTE
r-release-linux-x86_64 1.0 10.96 104.12 115.08 NOTE
r-release-macos-arm64 1.0 41.00 NOTE
r-release-macos-x86_64 1.0 81.00 NOTE
r-release-windows-x86_64 1.0 23.00 121.00 144.00 NOTE
r-oldrel-macos-arm64 1.0 53.00 NOTE
r-oldrel-macos-x86_64 1.0 62.00 NOTE
r-oldrel-windows-ix86+x86_64 1.0 27.00 119.00 146.00 NOTE

Check Details

Version: 1.0
Check: LazyData
Result: NOTE
     'LazyData' is specified without a 'data' directory
Flavors: r-devel-linux-x86_64-debian-clang, r-devel-linux-x86_64-debian-gcc, r-devel-linux-x86_64-fedora-clang, r-devel-linux-x86_64-fedora-gcc, r-devel-windows-x86_64, r-patched-linux-x86_64, r-release-linux-x86_64, r-release-macos-arm64, r-release-macos-x86_64, r-release-windows-x86_64, r-oldrel-macos-arm64, r-oldrel-macos-x86_64, r-oldrel-windows-ix86+x86_64