CRAN Package Check Results for Package gwasforest

Last updated on 2024-06-17 00:50:00 CEST.

Flavor Version Tinstall Tcheck Ttotal Status Flags
r-devel-linux-x86_64-debian-clang 1.0.0 2.77 25.28 28.05 NOTE
r-devel-linux-x86_64-debian-gcc 1.0.0 2.05 18.93 20.98 NOTE
r-devel-linux-x86_64-fedora-clang 1.0.0 34.04 NOTE
r-devel-linux-x86_64-fedora-gcc 1.0.0 32.16 NOTE
r-devel-windows-x86_64 1.0.0 3.00 40.00 43.00 NOTE
r-patched-linux-x86_64 1.0.0 1.87 24.21 26.08 NOTE
r-release-linux-x86_64 1.0.0 1.76 24.36 26.12 NOTE
r-release-macos-arm64 1.0.0 16.00 NOTE
r-release-macos-x86_64 1.0.0 25.00 NOTE
r-release-windows-x86_64 1.0.0 5.00 41.00 46.00 NOTE
r-oldrel-macos-arm64 1.0.0 18.00 NOTE
r-oldrel-macos-x86_64 1.0.0 21.00 NOTE
r-oldrel-windows-x86_64 1.0.0 4.00 119.00 123.00 NOTE

Check Details

Version: 1.0.0
Check: LazyData
Result: NOTE 'LazyData' is specified without a 'data' directory Flavors: r-devel-linux-x86_64-debian-clang, r-devel-linux-x86_64-debian-gcc, r-devel-linux-x86_64-fedora-clang, r-devel-linux-x86_64-fedora-gcc, r-devel-windows-x86_64, r-patched-linux-x86_64, r-release-linux-x86_64, r-release-macos-arm64, r-release-macos-x86_64, r-release-windows-x86_64, r-oldrel-macos-arm64, r-oldrel-macos-x86_64, r-oldrel-windows-x86_64