Last updated on 2022-06-30 23:52:15 CEST.
Flavor | Version | Tinstall | Tcheck | Ttotal | Status | Flags |
---|---|---|---|---|---|---|
r-devel-linux-x86_64-debian-clang | 0.0.5 | 56.58 | 120.87 | 177.45 | OK | |
r-devel-linux-x86_64-debian-gcc | 0.0.5 | 45.72 | 80.49 | 126.21 | OK | |
r-devel-linux-x86_64-fedora-clang | 0.0.5 | 228.84 | NOTE | |||
r-devel-linux-x86_64-fedora-gcc | 0.0.5 | 197.65 | OK | |||
r-devel-windows-x86_64 | 0.0.5 | 92.00 | 146.00 | 238.00 | OK | |
r-patched-linux-x86_64 | 0.0.5 | 52.42 | 96.00 | 148.42 | OK | |
r-release-linux-x86_64 | 0.0.5 | 47.16 | 97.61 | 144.77 | OK | |
r-release-macos-arm64 | 0.0.5 | 53.00 | NOTE | |||
r-release-macos-x86_64 | 0.0.5 | 76.00 | NOTE | |||
r-release-windows-x86_64 | 0.0.5 | 88.00 | 154.00 | 242.00 | OK | |
r-oldrel-macos-arm64 | 0.0.5 | 60.00 | NOTE | |||
r-oldrel-macos-x86_64 | 0.0.5 | 77.00 | NOTE | |||
r-oldrel-windows-ix86+x86_64 | 0.0.5 | 150.00 | 186.00 | 336.00 | NOTE |
Version: 0.0.5
Check: installed package size
Result: NOTE
installed size is 5.9Mb
sub-directories of 1Mb or more:
doc 2.9Mb
libs 2.3Mb
Flavors: r-devel-linux-x86_64-fedora-clang, r-release-macos-arm64, r-release-macos-x86_64, r-oldrel-macos-arm64, r-oldrel-macos-x86_64, r-oldrel-windows-ix86+x86_64