CRAN Package Check Results for Package gsl

Last updated on 2020-10-24 23:47:25 CEST.

Flavor Version Tinstall Tcheck Ttotal Status Flags
r-devel-linux-x86_64-debian-clang 2.1-6 14.04 60.02 74.06 OK
r-devel-linux-x86_64-debian-gcc 2.1-6 10.32 44.79 55.11 OK
r-devel-linux-x86_64-fedora-clang 2.1-6 94.88 OK
r-devel-linux-x86_64-fedora-gcc 2.1-6 85.59 OK
r-devel-windows-ix86+x86_64 2.1-6 44.00 95.00 139.00 OK
r-patched-linux-x86_64 2.1-6 12.26 54.18 66.44 OK
r-patched-solaris-x86 2.1-6 99.90 OK
r-release-linux-x86_64 2.1-6 13.06 54.78 67.84 OK
r-release-macos-x86_64 2.1-6 OK
r-release-windows-ix86+x86_64 2.1-6 39.00 67.00 106.00 OK
r-oldrel-macos-x86_64 2.1-6 ERROR
r-oldrel-windows-ix86+x86_64 2.1-6 43.00 101.00 144.00 OK

Check Details

Version: 2.1-6
Check: whether package can be installed
Result: ERROR
    Installation failed.
Flavor: r-oldrel-macos-x86_64