CRAN Package Check Results for Package gset

Last updated on 2019-07-22 06:47:39 CEST.

Flavor Version Tinstall Tcheck Ttotal Status Flags
r-devel-linux-x86_64-debian-clang 1.1.0 12.01 92.44 104.45 NOTE
r-devel-linux-x86_64-debian-gcc 1.1.0 10.26 71.74 82.00 NOTE
r-devel-linux-x86_64-fedora-clang 1.1.0 118.55 NOTE
r-devel-linux-x86_64-fedora-gcc 1.1.0 113.86 NOTE
r-devel-windows-ix86+x86_64 1.1.0 23.00 138.00 161.00 NOTE
r-patched-linux-x86_64 1.1.0 9.65 88.51 98.16 NOTE
r-patched-solaris-x86 1.1.0 202.60 NOTE
r-release-linux-x86_64 1.1.0 12.36 88.28 100.64 NOTE
r-release-windows-ix86+x86_64 1.1.0 23.00 106.00 129.00 NOTE
r-release-osx-x86_64 1.1.0 NOTE
r-oldrel-windows-ix86+x86_64 1.1.0 25.00 98.00 123.00 NOTE
r-oldrel-osx-x86_64 1.1.0 NOTE

Check Details

Version: 1.1.0
Check: R code for possible problems
Result: NOTE
    binding: no visible global function definition for 'rnorm'
    binding: no visible binding for global variable 'var'
    binding: no visible global function definition for 'uniroot'
    equivonly: no visible global function definition for 'rnorm'
    equivonly: no visible binding for global variable 'var'
    equivonly: no visible global function definition for 'uniroot'
    figureE: no visible global function definition for 'rgb'
    figureEF: no visible global function definition for 'rgb'
    nfix : f: no visible global function definition for 'pnorm'
    nfix : f: no visible global function definition for 'qnorm'
    nfix: no visible global function definition for 'uniroot'
    nonbinding: no visible global function definition for 'rnorm'
    nonbinding: no visible binding for global variable 'var'
    nonbinding: no visible global function definition for 'uniroot'
    oc: no visible global function definition for 'rnorm'
    oc: no visible global function definition for 'var'
    Undefined global functions or variables:
     pnorm qnorm rgb rnorm uniroot var
    Consider adding
     importFrom("grDevices", "rgb")
     importFrom("stats", "pnorm", "qnorm", "rnorm", "uniroot", "var")
    to your NAMESPACE file.
Flavors: r-devel-linux-x86_64-debian-clang, r-devel-linux-x86_64-debian-gcc, r-devel-linux-x86_64-fedora-clang, r-devel-linux-x86_64-fedora-gcc, r-devel-windows-ix86+x86_64, r-patched-linux-x86_64, r-patched-solaris-x86, r-release-linux-x86_64, r-release-windows-ix86+x86_64, r-release-osx-x86_64, r-oldrel-windows-ix86+x86_64, r-oldrel-osx-x86_64