Last updated on 2023-10-04 00:58:25 CEST.
Flavor | Version | Tinstall | Tcheck | Ttotal | Status | Flags |
---|---|---|---|---|---|---|
r-devel-linux-x86_64-debian-clang | 1.0-2 | 10.11 | 107.76 | 117.87 | NOTE | |
r-devel-linux-x86_64-debian-gcc | 1.0-2 | 8.42 | 79.85 | 88.27 | NOTE | |
r-devel-linux-x86_64-fedora-clang | 1.0-2 | 140.05 | NOTE | |||
r-devel-linux-x86_64-fedora-gcc | 1.0-2 | 159.28 | NOTE | |||
r-devel-windows-x86_64 | 1.0-2 | 10.00 | 123.00 | 133.00 | NOTE | |
r-patched-linux-x86_64 | 1.0-2 | 6.97 | 103.91 | 110.88 | OK | |
r-release-linux-x86_64 | 1.0-2 | 6.76 | 103.22 | 109.98 | OK | |
r-release-macos-arm64 | 1.0-2 | 66.00 | OK | |||
r-release-macos-x86_64 | 1.0-2 | 107.00 | OK | |||
r-release-windows-x86_64 | 1.0-2 | 13.00 | 138.00 | 151.00 | OK | |
r-oldrel-macos-arm64 | 1.0-2 | 58.00 | OK | |||
r-oldrel-macos-x86_64 | 1.0-2 | 127.00 | OK | |||
r-oldrel-windows-x86_64 | 1.0-2 | 13.00 | 137.00 | 150.00 | OK |
Version: 1.0-2
Check: Rd metadata
Result: NOTE
Invalid package aliases in Rd file 'gsb-package.Rd':
‘gsb-package’
Flavors: r-devel-linux-x86_64-debian-clang, r-devel-linux-x86_64-debian-gcc, r-devel-linux-x86_64-fedora-clang, r-devel-linux-x86_64-fedora-gcc, r-devel-windows-x86_64