CRAN Package Check Results for Package gsarima

Last updated on 2019-03-19 02:49:58 CET.

Flavor Version Tinstall Tcheck Ttotal Status Flags
r-devel-linux-x86_64-debian-clang 0.1-4 2.76 25.42 28.18 NOTE
r-devel-linux-x86_64-debian-gcc 0.1-4 2.05 19.38 21.43 NOTE
r-devel-linux-x86_64-fedora-clang 0.1-4 33.29 NOTE
r-devel-linux-x86_64-fedora-gcc 0.1-4 31.75 NOTE
r-devel-windows-ix86+x86_64 0.1-4 8.00 45.00 53.00 NOTE
r-patched-linux-x86_64 0.1-4 1.85 23.54 25.39 NOTE
r-patched-solaris-x86 0.1-4 52.20 NOTE
r-release-linux-x86_64 0.1-4 1.32 23.37 24.69 NOTE
r-release-windows-ix86+x86_64 0.1-4 6.00 47.00 53.00 NOTE
r-release-osx-x86_64 0.1-4 NOTE
r-oldrel-windows-ix86+x86_64 0.1-4 3.00 55.00 58.00 NOTE
r-oldrel-osx-x86_64 0.1-4 NOTE

Check Details

Version: 0.1-4
Check: R code for possible problems
Result: NOTE
    garsim: no visible global function definition for 'rnorm'
    garsim: no visible global function definition for 'rpois'
    Undefined global functions or variables:
     rnorm rpois
    Consider adding
     importFrom("stats", "rnorm", "rpois")
    to your NAMESPACE file.
Flavors: r-devel-linux-x86_64-debian-clang, r-devel-linux-x86_64-debian-gcc, r-devel-linux-x86_64-fedora-clang, r-devel-linux-x86_64-fedora-gcc, r-devel-windows-ix86+x86_64, r-patched-linux-x86_64, r-patched-solaris-x86, r-release-linux-x86_64, r-release-windows-ix86+x86_64, r-release-osx-x86_64, r-oldrel-windows-ix86+x86_64, r-oldrel-osx-x86_64

Version: 0.1-4
Check: package dependencies
Result: NOTE
    Package suggested but not available for checking: 'dse1'
Flavors: r-devel-windows-ix86+x86_64, r-release-windows-ix86+x86_64