CRAN Package Check Results for Package growth

Last updated on 2022-08-18 23:58:27 CEST.

Flavor Version Tinstall Tcheck Ttotal Status Flags
r-devel-linux-x86_64-debian-clang 1.1.1 11.65 38.56 50.21 NOTE
r-devel-linux-x86_64-debian-gcc 1.1.1 8.21 29.51 37.72 NOTE
r-devel-linux-x86_64-fedora-clang 1.1.1 69.95 NOTE
r-devel-linux-x86_64-fedora-gcc 1.1.1 67.05 NOTE
r-devel-windows-x86_64 1.1.1 19.00 62.00 81.00 NOTE
r-patched-linux-x86_64 1.1.1 9.72 35.88 45.60 NOTE
r-release-linux-x86_64 1.1.1 NOTE
r-release-macos-arm64 1.1.1 23.00 NOTE
r-release-macos-x86_64 1.1.1 29.00 NOTE
r-release-windows-x86_64 1.1.1 15.00 60.00 75.00 NOTE
r-oldrel-macos-arm64 1.1.1 25.00 NOTE
r-oldrel-macos-x86_64 1.1.1 41.00 NOTE
r-oldrel-windows-ix86+x86_64 1.1.1 26.00 59.00 85.00 NOTE

Check Details

Version: 1.1.1
Check: package subdirectories
Result: NOTE
    Problems with news in 'NEWS.md':
    No news entries found.
Flavors: r-devel-linux-x86_64-debian-clang, r-devel-linux-x86_64-debian-gcc, r-devel-linux-x86_64-fedora-clang, r-devel-linux-x86_64-fedora-gcc, r-devel-windows-x86_64

Version: 1.1.1
Check: LazyData
Result: NOTE
     'LazyData' is specified without a 'data' directory
Flavors: r-devel-linux-x86_64-debian-clang, r-devel-linux-x86_64-debian-gcc, r-devel-linux-x86_64-fedora-clang, r-devel-linux-x86_64-fedora-gcc, r-devel-windows-x86_64, r-patched-linux-x86_64, r-release-linux-x86_64, r-release-macos-arm64, r-release-macos-x86_64, r-release-windows-x86_64, r-oldrel-macos-arm64, r-oldrel-macos-x86_64, r-oldrel-windows-ix86+x86_64

Version: 1.1.1
Check: Rd cross-references
Result: NOTE
    Undeclared packages ‘repeated’, ‘gnlm’ in Rd xrefs
Flavor: r-devel-linux-x86_64-fedora-clang