CRAN Package Check Results for Package gridBase

Last updated on 2022-10-05 23:55:01 CEST.

Flavor Version Tinstall Tcheck Ttotal Status Flags
r-devel-linux-x86_64-debian-clang 0.4-7 2.29 29.48 31.77 NOTE
r-devel-linux-x86_64-debian-gcc 0.4-7 1.67 22.45 24.12 NOTE
r-devel-linux-x86_64-fedora-clang 0.4-7 50.92 NOTE
r-devel-linux-x86_64-fedora-gcc 0.4-7 54.89 NOTE
r-devel-windows-x86_64 0.4-7 7.00 67.00 74.00 NOTE
r-patched-linux-x86_64 0.4-7 2.11 28.12 30.23 NOTE
r-release-linux-x86_64 0.4-7 2.10 27.89 29.99 NOTE
r-release-macos-arm64 0.4-7 20.00 NOTE
r-release-macos-x86_64 0.4-7 26.00 NOTE
r-release-windows-x86_64 0.4-7 11.00 67.00 78.00 NOTE
r-oldrel-macos-arm64 0.4-7 36.00 NOTE
r-oldrel-macos-x86_64 0.4-7 35.00 NOTE
r-oldrel-windows-ix86+x86_64 0.4-7 4.00 53.00 57.00 NOTE

Check Details

Version: 0.4-7
Check: DESCRIPTION meta-information
Result: NOTE
    Malformed Description field: should contain one or more complete sentences.
Flavors: r-devel-linux-x86_64-debian-clang, r-devel-linux-x86_64-debian-gcc, r-devel-linux-x86_64-fedora-clang, r-devel-linux-x86_64-fedora-gcc, r-devel-windows-x86_64, r-patched-linux-x86_64, r-release-linux-x86_64, r-release-macos-arm64, r-release-macos-x86_64, r-release-windows-x86_64, r-oldrel-macos-arm64, r-oldrel-macos-x86_64, r-oldrel-windows-ix86+x86_64