CRAN Package Check Results for Package grf

Last updated on 2019-11-10 23:48:28 CET.

Flavor Version Tinstall Tcheck Ttotal Status Flags
r-devel-linux-x86_64-debian-clang 0.10.4 196.34 76.06 272.40 NOTE
r-devel-linux-x86_64-debian-gcc 0.10.4 134.00 60.80 194.80 NOTE
r-devel-linux-x86_64-fedora-clang 0.10.4 386.19 NOTE
r-devel-linux-x86_64-fedora-gcc 0.10.4 343.84 NOTE
r-devel-windows-ix86+x86_64 0.10.4 390.00 134.00 524.00 NOTE
r-patched-linux-x86_64 0.10.4 149.81 76.74 226.55 NOTE
r-patched-solaris-x86 0.10.4 357.90 NOTE
r-release-linux-x86_64 0.10.4 147.82 77.51 225.33 NOTE
r-release-windows-ix86+x86_64 0.10.4 511.00 170.00 681.00 NOTE
r-release-osx-x86_64 0.10.4 NOTE
r-oldrel-windows-ix86+x86_64 0.10.4 483.00 148.00 631.00 NOTE
r-oldrel-osx-x86_64 0.10.4 NOTE

Check Details

Version: 0.10.4
Check: for GNU extensions in Makefiles
Result: NOTE
    GNU make is a SystemRequirements.
Flavors: r-devel-linux-x86_64-debian-clang, r-devel-linux-x86_64-debian-gcc, r-devel-linux-x86_64-fedora-clang, r-devel-linux-x86_64-fedora-gcc, r-devel-windows-ix86+x86_64, r-patched-linux-x86_64, r-patched-solaris-x86, r-release-linux-x86_64, r-release-windows-ix86+x86_64, r-release-osx-x86_64, r-oldrel-windows-ix86+x86_64, r-oldrel-osx-x86_64

Version: 0.10.4
Check: installed package size
Result: NOTE
     installed size is 13.2Mb
     sub-directories of 1Mb or more:
     libs 12.9Mb
Flavors: r-devel-linux-x86_64-fedora-clang, r-release-osx-x86_64, r-oldrel-osx-x86_64