CRAN Package Check Results for Package gren

Last updated on 2022-12-02 23:50:29 CET.

Flavor Version Tinstall Tcheck Ttotal Status Flags
r-devel-linux-x86_64-debian-clang 0.0.1 51.62 84.02 135.64 NOTE
r-devel-linux-x86_64-debian-gcc 0.0.1 40.93 63.17 104.10 NOTE
r-devel-linux-x86_64-fedora-clang 0.0.1 184.78 NOTE
r-devel-linux-x86_64-fedora-gcc 0.0.1 177.70 NOTE
r-devel-windows-x86_64 0.0.1 60.00 130.00 190.00 NOTE
r-patched-linux-x86_64 0.0.1 48.58 78.78 127.36 OK
r-release-linux-x86_64 0.0.1 51.04 84.72 135.76 OK
r-release-macos-arm64 0.0.1 51.00 OK
r-release-macos-x86_64 0.0.1 66.00 OK
r-release-windows-x86_64 0.0.1 43.00 133.00 176.00 OK
r-oldrel-macos-arm64 0.0.1 59.00 NOTE
r-oldrel-macos-x86_64 0.0.1 68.00 OK
r-oldrel-windows-ix86+x86_64 0.0.1 114.00 151.00 265.00 OK

Check Details

Version: 0.0.1
Check: package subdirectories
Result: NOTE
    Problems with news in 'NEWS.md':
    No news entries found.
Flavors: r-devel-linux-x86_64-debian-clang, r-devel-linux-x86_64-debian-gcc, r-devel-linux-x86_64-fedora-clang, r-devel-linux-x86_64-fedora-gcc, r-devel-windows-x86_64

Version: 0.0.1
Check: installed package size
Result: NOTE
     installed size is 5.2Mb
     sub-directories of 1Mb or more:
     libs 4.5Mb
Flavor: r-oldrel-macos-arm64