Last updated on 2022-06-29 23:53:21 CEST.
Flavor | Version | Tinstall | Tcheck | Ttotal | Status | Flags |
---|---|---|---|---|---|---|
r-devel-linux-x86_64-debian-clang | 1.9.0.10 | 99.78 | 102.26 | 202.04 | NOTE | |
r-devel-linux-x86_64-debian-gcc | 2.0.0.0 | 14.71 | 53.85 | 68.56 | NOTE | |
r-devel-linux-x86_64-fedora-clang | 2.0.0.0 | 126.00 | NOTE | |||
r-devel-linux-x86_64-fedora-gcc | 2.0.0.0 | 123.93 | NOTE | |||
r-devel-windows-x86_64 | 2.0.0.0 | 125.00 | 120.00 | 245.00 | NOTE | |
r-patched-linux-x86_64 | 2.0.0.0 | 15.99 | 67.85 | 83.84 | NOTE | |
r-release-linux-x86_64 | 1.9.0.10 | 80.85 | 92.24 | 173.09 | NOTE | |
r-release-macos-arm64 | 2.0.0.0 | 40.00 | NOTE | |||
r-release-macos-x86_64 | 2.0.0.0 | 53.00 | NOTE | |||
r-release-windows-x86_64 | 1.9.0.10 | 169.00 | 138.00 | 307.00 | NOTE | |
r-oldrel-macos-arm64 | 2.0.0.0 | 36.00 | NOTE | |||
r-oldrel-macos-x86_64 | 2.0.0.0 | 53.00 | NOTE | |||
r-oldrel-windows-ix86+x86_64 | 2.0.0.0 | 65.00 | 138.00 | 203.00 | NOTE |
Version: 1.9.0.10
Check: package dependencies
Result: NOTE
Packages suggested but not available for checking:
'taxstats', 'taxstats1516'
Flavors: r-devel-linux-x86_64-debian-clang, r-release-linux-x86_64, r-release-windows-x86_64
Version: 1.9.0.10
Check: Rd files
Result: NOTE
checkRd: (-1) model_income_tax.Rd:98: Escaped LaTeX specials: \$ \$ \$
checkRd: (-1) small_business_tax_offset.Rd:26: Escaped LaTeX specials: \$
checkRd: (-1) small_business_tax_offset.Rd:27: Escaped LaTeX specials: \$
checkRd: (-1) small_business_tax_offset.Rd:42: Escaped LaTeX specials: \$
Flavor: r-devel-linux-x86_64-debian-clang
Version: 2.0.0.0
Check: package dependencies
Result: NOTE
Packages suggested but not available for checking:
'taxstats', 'taxstats1516'
Flavors: r-devel-linux-x86_64-debian-gcc, r-devel-linux-x86_64-fedora-clang, r-devel-linux-x86_64-fedora-gcc, r-devel-windows-x86_64, r-patched-linux-x86_64, r-release-macos-arm64, r-release-macos-x86_64, r-oldrel-macos-arm64, r-oldrel-macos-x86_64, r-oldrel-windows-ix86+x86_64