CRAN Package Check Results for Package gratia

Last updated on 2019-11-10 23:48:28 CET.

Flavor Version Tinstall Tcheck Ttotal Status Flags
r-devel-linux-x86_64-debian-clang 0.2-8 12.70 194.04 206.74 ERROR
r-devel-linux-x86_64-debian-gcc 0.2-8 9.78 146.57 156.35 OK
r-devel-linux-x86_64-fedora-clang 0.2-8 237.59 OK
r-devel-linux-x86_64-fedora-gcc 0.2-8 231.28 OK
r-devel-windows-ix86+x86_64 0.2-8 24.00 240.00 264.00 OK
r-patched-linux-x86_64 0.2-8 9.65 184.61 194.26 OK
r-patched-solaris-x86 0.2-8 337.70 OK
r-release-linux-x86_64 0.2-8 12.35 185.60 197.95 OK
r-release-windows-ix86+x86_64 0.2-8 32.00 372.00 404.00 OK
r-release-osx-x86_64 0.2-8 OK
r-oldrel-windows-ix86+x86_64 0.2-8 18.00 395.00 413.00 OK
r-oldrel-osx-x86_64 0.2-8 OK

Additional issues

MKL noLD OpenBLAS

Check Details

Version: 0.2-8
Check: tests
Result: ERROR
     Running 'test-all.R' [98s/107s]
    Running the tests in 'tests/test-all.R' failed.
    Complete output:
     > ## Test `gratia` using the `testthat` package
     >
     > ## Setup
     > library("testthat")
     >
     > ## Runs the tests in tests/testthat
     > test_check("gratia")
     Loading required package: gratia
     list()
     -- 1. Error: evaluate_smooth fails with a trivariate smooth (@test-evaluate-smoo
     WEIRD RETURN VALUE: 0x5
     Backtrace:
     1. mgcv::gam(y ~ te(x0, x1, x2), data = dat, method = "REML")
     3. mgcv:::gam.setup(...)
     4. mgcv::smoothCon(...)
     5. mgcv:::smooth.construct3(object, data, knots)
     7. mgcv::smooth.construct.tensor.smooth.spec(object, dk$data, dk$knots)
     8. mgcv::tensor.prod.model.matrix(Xm)
    
     -- 2. Error: (unknown) (@test-utilities.R#15) ---------------------------------
     WEIRD RETURN VALUE: (nil)
     Backtrace:
     1. mgcv::bam(y ~ s(x0) + s(x1) + s(x2) + s(x3), data = dat)
     2. mgcv:::bam.fit(...)
     3. mgcv:::fast.REML.fit(...)
     4. mgcv:::Sl.fit(...)
     5. mgcv:::pbsi(R, nt = nt, copy = TRUE)
    
     == testthat results ===========================================================
     [ OK: 326 | SKIPPED: 64 | WARNINGS: 0 | FAILED: 2 ]
     1. Error: evaluate_smooth fails with a trivariate smooth (@test-evaluate-smooth-methods.R#66)
     2. Error: (unknown) (@test-utilities.R#15)
    
     Error: testthat unit tests failed
     Execution halted
Flavor: r-devel-linux-x86_64-debian-clang