Last updated on 2023-01-30 00:31:14 CET.
Flavor | Version | Tinstall | Tcheck | Ttotal | Status | Flags |
---|---|---|---|---|---|---|
r-devel-linux-x86_64-debian-clang | 1.0 | 33.00 | 268.97 | 301.97 | OK | |
r-devel-linux-x86_64-debian-gcc | 1.0 | 25.05 | 201.14 | 226.19 | OK | |
r-devel-linux-x86_64-fedora-clang | 1.0 | 412.58 | NOTE | |||
r-devel-linux-x86_64-fedora-gcc | 1.0 | 395.87 | NOTE | |||
r-devel-windows-x86_64 | 1.0 | 39.00 | 281.00 | 320.00 | OK | |
r-patched-linux-x86_64 | 1.0 | 31.30 | 266.22 | 297.52 | OK | |
r-release-linux-x86_64 | 1.0 | 25.98 | 263.82 | 289.80 | OK | |
r-release-macos-arm64 | 1.0 | 71.00 | NOTE | |||
r-release-macos-x86_64 | 1.0 | 105.00 | NOTE | |||
r-release-windows-x86_64 | 1.0 | 36.00 | 266.00 | 302.00 | OK | |
r-oldrel-macos-arm64 | 1.0 | 65.00 | NOTE | |||
r-oldrel-macos-x86_64 | 1.0 | 97.00 | NOTE | |||
r-oldrel-windows-ix86+x86_64 | 1.0 | 62.00 | 269.00 | 331.00 | OK |
Version: 1.0
Check: dependencies in R code
Result: NOTE
Namespaces in Imports field not imported from:
‘MASS’ ‘cubature’ ‘magicaxis’
All declared Imports should be used.
Flavors: r-devel-linux-x86_64-fedora-clang, r-devel-linux-x86_64-fedora-gcc, r-release-macos-arm64, r-release-macos-x86_64, r-oldrel-macos-arm64, r-oldrel-macos-x86_64