Last updated on 2023-09-21 00:56:32 CEST.
Flavor | Version | Tinstall | Tcheck | Ttotal | Status | Flags |
---|---|---|---|---|---|---|
r-devel-linux-x86_64-debian-clang | 1.0 | 28.43 | 285.45 | 313.88 | OK | |
r-devel-linux-x86_64-debian-gcc | 1.0 | 26.11 | 210.37 | 236.48 | OK | |
r-devel-linux-x86_64-fedora-clang | 1.0 | 391.28 | NOTE | |||
r-devel-linux-x86_64-fedora-gcc | 1.0 | 384.25 | NOTE | |||
r-devel-windows-x86_64 | 1.0 | 25.00 | 189.00 | 214.00 | OK | |
r-patched-linux-x86_64 | 1.0 | 25.28 | 281.17 | 306.45 | OK | |
r-release-linux-x86_64 | 1.0 | 32.11 | 283.72 | 315.83 | OK | |
r-release-macos-arm64 | 1.0 | 94.00 | OK | |||
r-release-macos-x86_64 | 1.0 | 171.00 | OK | |||
r-release-windows-x86_64 | 1.0 | 33.00 | 244.00 | 277.00 | OK | |
r-oldrel-macos-arm64 | 1.0 | 71.00 | NOTE | |||
r-oldrel-macos-x86_64 | 1.0 | 105.00 | NOTE | |||
r-oldrel-windows-x86_64 | 1.0 | 35.00 | 240.00 | 275.00 | OK |
Version: 1.0
Check: dependencies in R code
Result: NOTE
Namespaces in Imports field not imported from:
‘MASS’ ‘cubature’ ‘magicaxis’
All declared Imports should be used.
Flavors: r-devel-linux-x86_64-fedora-clang, r-devel-linux-x86_64-fedora-gcc, r-oldrel-macos-arm64, r-oldrel-macos-x86_64