CRAN Package Check Results for Package graphscan

Last updated on 2019-11-10 23:48:28 CET.

Flavor Version Tinstall Tcheck Ttotal Status Flags
r-devel-linux-x86_64-debian-clang 1.1.1 10.11 48.73 58.84 OK
r-devel-linux-x86_64-debian-gcc 1.1.1 8.21 38.49 46.70 OK
r-devel-linux-x86_64-fedora-clang 1.1.1 70.74 NOTE
r-devel-linux-x86_64-fedora-gcc 1.1.1 69.71 NOTE
r-devel-windows-ix86+x86_64 1.1.1 25.00 88.00 113.00 OK
r-patched-linux-x86_64 1.1.1 8.47 47.55 56.02 OK
r-patched-solaris-x86 1.1.1 110.50 OK
r-release-linux-x86_64 1.1.1 8.30 47.01 55.31 OK
r-release-windows-ix86+x86_64 1.1.1 47.00 89.00 136.00 OK
r-release-osx-x86_64 1.1.1 WARN
r-oldrel-windows-ix86+x86_64 1.1.1 39.00 115.00 154.00 OK
r-oldrel-osx-x86_64 1.1.1 OK

Check Details

Version: 1.1.1
Check: compiled code
Result: NOTE
    File ‘graphscan/libs/graphscan.so’:
     Found no calls to: ‘R_registerRoutines’, ‘R_useDynamicSymbols’
    
    It is good practice to register native routines and to disable symbol
    search.
    
    See ‘Writing portable packages’ in the ‘Writing R Extensions’ manual.
Flavors: r-devel-linux-x86_64-fedora-clang, r-devel-linux-x86_64-fedora-gcc

Version: 1.1.1
Check: whether package can be installed
Result: WARN
    Found the following significant warnings:
     Warning: 'rgl_init' failed, running with rgl.useNULL = TRUE
Flavor: r-release-osx-x86_64