CRAN Package Check Results for Package graphon

Last updated on 2021-04-17 23:48:26 CEST.

Flavor Version Tinstall Tcheck Ttotal Status Flags
r-devel-linux-x86_64-debian-clang 0.3.4 3.88 35.71 39.59 NOTE
r-devel-linux-x86_64-debian-gcc 0.3.4 2.99 28.03 31.02 NOTE
r-devel-linux-x86_64-fedora-clang 0.3.4 57.53 NOTE
r-devel-linux-x86_64-fedora-gcc 0.3.4 47.62 NOTE
r-devel-windows-ix86+x86_64 0.3.4 8.00 58.00 66.00 NOTE
r-devel-windows-x86_64-gcc10-UCRT 0.3.4 NOTE
r-patched-linux-x86_64 0.3.4 3.93 34.06 37.99 OK
r-patched-solaris-x86 0.3.4 71.20 OK
r-release-linux-x86_64 0.3.4 3.68 33.81 37.49 OK
r-release-macos-x86_64 0.3.4 OK
r-release-windows-ix86+x86_64 0.3.4 8.00 56.00 64.00 OK
r-oldrel-macos-x86_64 0.3.4 OK
r-oldrel-windows-ix86+x86_64 0.3.4 5.00 52.00 57.00 OK

Check Details

Version: 0.3.4
Check: LazyData
Result: NOTE
     'LazyData' is specified without a 'data' directory
Flavors: r-devel-linux-x86_64-debian-clang, r-devel-linux-x86_64-debian-gcc, r-devel-linux-x86_64-fedora-clang, r-devel-linux-x86_64-fedora-gcc, r-devel-windows-ix86+x86_64, r-devel-windows-x86_64-gcc10-UCRT