CRAN Package Check Results for Package graphkernels

Last updated on 2021-04-14 23:47:12 CEST.

Flavor Version Tinstall Tcheck Ttotal Status Flags
r-devel-linux-x86_64-debian-clang 1.6 50.63 65.41 116.04 OK
r-devel-linux-x86_64-debian-gcc 1.6 38.42 53.17 91.59 OK
r-devel-linux-x86_64-fedora-clang 1.6 161.14 NOTE
r-devel-linux-x86_64-fedora-gcc 1.6 153.02 OK
r-devel-windows-ix86+x86_64 1.6 120.00 166.00 286.00 OK
r-devel-windows-x86_64-gcc10-UCRT 1.6 OK
r-patched-linux-x86_64 1.6 43.97 67.03 111.00 OK
r-patched-solaris-x86 1.6 166.50 OK
r-release-linux-x86_64 1.6 45.45 66.15 111.60 OK
r-release-macos-x86_64 1.6 NOTE
r-release-windows-ix86+x86_64 1.6 111.00 156.00 267.00 OK
r-oldrel-macos-x86_64 1.6 NOTE
r-oldrel-windows-ix86+x86_64 1.6 94.00 109.00 203.00 OK

Check Details

Version: 1.6
Check: installed package size
Result: NOTE
     installed size is 11.1Mb
     sub-directories of 1Mb or more:
     libs 10.9Mb
Flavors: r-devel-linux-x86_64-fedora-clang, r-release-macos-x86_64, r-oldrel-macos-x86_64