Last updated on 2021-04-22 23:49:41 CEST.
Flavor | Version | Tinstall | Tcheck | Ttotal | Status | Flags |
---|---|---|---|---|---|---|
r-devel-linux-x86_64-debian-clang | 0.5.3 | 4.36 | 45.09 | 49.45 | OK | |
r-devel-linux-x86_64-debian-gcc | 0.5.3 | 3.12 | 33.67 | 36.79 | OK | |
r-devel-linux-x86_64-fedora-clang | 0.5.3 | 67.24 | NOTE | |||
r-devel-linux-x86_64-fedora-gcc | 0.5.3 | 56.12 | NOTE | |||
r-devel-windows-ix86+x86_64 | 0.5.3 | 11.00 | 65.00 | 76.00 | OK | |
r-devel-windows-x86_64-gcc10-UCRT | 0.5.3 | NOTE | ||||
r-patched-linux-x86_64 | 0.5.3 | 4.16 | 41.36 | 45.52 | WARN | |
r-patched-solaris-x86 | 0.5.3 | 83.20 | NOTE | |||
r-release-linux-x86_64 | 0.5.3 | 3.72 | 41.18 | 44.90 | OK | |
r-release-macos-x86_64 | 0.5.3 | NOTE | ||||
r-release-windows-ix86+x86_64 | 0.5.3 | 11.00 | 62.00 | 73.00 | OK | |
r-oldrel-macos-x86_64 | 0.5.3 | NOTE | ||||
r-oldrel-windows-ix86+x86_64 | 0.5.3 | 9.00 | 62.00 | 71.00 | OK |
Version: 0.5.3
Check: dependencies in R code
Result: NOTE
Namespace in Imports field not imported from: ‘utils’
All declared Imports should be used.
Flavors: r-devel-linux-x86_64-fedora-clang, r-devel-linux-x86_64-fedora-gcc, r-devel-windows-x86_64-gcc10-UCRT, r-patched-solaris-x86, r-release-macos-x86_64, r-oldrel-macos-x86_64
Version: 0.5.3
Check: whether package can be installed
Result: WARN
Found the following significant warnings:
Rd warning: /tmp/RtmpB10t4J/R.INSTALL54633926d9dc/graphTweets/man/gt_collect.Rd:13: file link ‘tibble’ in package ‘dplyr’ does not exist and so has been treated as a topic
Rd warning: /tmp/RtmpB10t4J/R.INSTALL54633926d9dc/graphTweets/man/reexports.Rd:15: file link ‘%>%’ in package ‘magrittr’ does not exist and so has been treated as a topic
Rd warning: /tmp/RtmpB10t4J/R.INSTALL54633926d9dc/graphTweets/man/reexports.Rd:17: file link ‘%<-%’ in package ‘zeallot’ does not exist and so has been treated as a topic
Flavor: r-patched-linux-x86_64