CRAN Package Check Results for Package graphTweets

Last updated on 2022-12-03 23:56:16 CET.

Flavor Version Tinstall Tcheck Ttotal Status Flags
r-devel-linux-x86_64-debian-clang 0.5.3 4.78 52.11 56.89 OK
r-devel-linux-x86_64-debian-gcc 0.5.3 3.85 39.55 43.40 OK
r-devel-linux-x86_64-fedora-clang 0.5.3 81.80 NOTE
r-devel-linux-x86_64-fedora-gcc 0.5.3 79.98 NOTE
r-devel-windows-x86_64 0.5.3 17.00 77.00 94.00 OK
r-patched-linux-x86_64 0.5.3 5.49 49.43 54.92 OK
r-release-linux-x86_64 0.5.3 5.50 49.67 55.17 OK
r-release-macos-arm64 0.5.3 23.00 NOTE
r-release-macos-x86_64 0.5.3 72.00 NOTE
r-release-windows-x86_64 0.5.3 16.00 82.00 98.00 OK
r-oldrel-macos-arm64 0.5.3 29.00 NOTE
r-oldrel-macos-x86_64 0.5.3 41.00 NOTE
r-oldrel-windows-ix86+x86_64 0.5.3 13.00 71.00 84.00 OK

Check Details

Version: 0.5.3
Check: dependencies in R code
Result: NOTE
    Namespace in Imports field not imported from: ‘utils’
     All declared Imports should be used.
Flavors: r-devel-linux-x86_64-fedora-clang, r-devel-linux-x86_64-fedora-gcc, r-release-macos-arm64, r-release-macos-x86_64, r-oldrel-macos-arm64, r-oldrel-macos-x86_64