CRAN Package Check Results for Package graph4lg

Last updated on 2019-10-20 23:47:26 CEST.

Flavor Version Tinstall Tcheck Ttotal Status Flags
r-devel-linux-x86_64-debian-clang 0.1.1 8.29 175.98 184.27 OK
r-devel-linux-x86_64-debian-gcc 0.1.1 7.68 128.68 136.36 OK
r-devel-linux-x86_64-fedora-clang 0.1.1 212.13 NOTE
r-devel-linux-x86_64-fedora-gcc 0.1.1 203.03 NOTE
r-devel-windows-ix86+x86_64 0.1.1 22.00 243.00 265.00 OK
r-patched-linux-x86_64 0.1.1 9.17 166.55 175.72 OK
r-patched-solaris-x86 0.1.1 282.60 NOTE
r-release-linux-x86_64 0.1.1 8.83 170.93 179.76 OK
r-release-windows-ix86+x86_64 0.1.1 26.00 174.00 200.00 OK
r-release-osx-x86_64 0.1.1 NOTE
r-oldrel-windows-ix86+x86_64 0.1.1 12.00 149.00 161.00 OK
r-oldrel-osx-x86_64 0.1.1 NOTE

Check Details

Version: 0.1.1
Check: dependencies in R code
Result: NOTE
    Namespaces in Imports field not imported from:
     ‘Imap’ ‘Rdpack’ ‘ade4’ ‘doBy’ ‘mclust’
     All declared Imports should be used.
Flavors: r-devel-linux-x86_64-fedora-clang, r-devel-linux-x86_64-fedora-gcc, r-patched-solaris-x86, r-release-osx-x86_64, r-oldrel-osx-x86_64