CRAN Package Check Results for Package gptk

Last updated on 2022-01-26 23:50:20 CET.

Flavor Version Tinstall Tcheck Ttotal Status Flags
r-devel-linux-x86_64-debian-clang 1.08 18.32 143.53 161.85 NOTE
r-devel-linux-x86_64-debian-gcc 1.08 14.64 107.11 121.75 NOTE
r-devel-linux-x86_64-fedora-clang 1.08 185.68 NOTE
r-devel-linux-x86_64-fedora-gcc 1.08 182.06 NOTE
r-devel-windows-x86_64-new-UL 1.08 81.00 160.00 241.00 NOTE
r-devel-windows-x86_64-new-TK 1.08 NOTE
r-patched-linux-x86_64 1.08 14.86 128.53 143.39 NOTE
r-release-linux-x86_64 1.08 11.56 128.79 140.35 NOTE
r-release-macos-arm64 1.08 NOTE
r-release-macos-x86_64 1.08 NOTE
r-release-windows-ix86+x86_64 1.08 36.00 140.00 176.00 ERROR
r-oldrel-macos-x86_64 1.08 NOTE
r-oldrel-windows-ix86+x86_64 1.08 35.00 153.00 188.00 NOTE

Check Details

Version: 1.08
Check: DESCRIPTION meta-information
Result: NOTE
    BugReports field is not a suitable URL but appears to contain an email address
     not specified by mailto: nor contained in < >
     use the Contact field instead
Flavors: r-devel-linux-x86_64-debian-clang, r-devel-linux-x86_64-debian-gcc, r-devel-linux-x86_64-fedora-clang, r-devel-linux-x86_64-fedora-gcc, r-devel-windows-x86_64-new-UL, r-devel-windows-x86_64-new-TK, r-patched-linux-x86_64, r-release-linux-x86_64, r-release-macos-arm64, r-release-macos-x86_64, r-release-windows-ix86+x86_64, r-oldrel-macos-x86_64, r-oldrel-windows-ix86+x86_64

Version: 1.08
Check: R code for possible problems
Result: NOTE
    .distfit: no visible binding for global variable 'qgamma'
    .distfit: no visible binding for global variable 'qnorm'
    .distfit: no visible global function definition for 'optim'
    CGoptim: no visible global function definition for 'optimize'
    basePlot: no visible global function definition for 'lines'
    demAutoOptimiseGp: no visible global function definition for
     'graphics.off'
    demAutoOptimiseGp: no visible global function definition for 'dev.new'
    demAutoOptimiseGp: no visible global function definition for 'plot.new'
    demAutoOptimiseGp: no visible global function definition for 'title'
    demAutoOptimiseGp: no visible global function definition for
     'dev.copy2eps'
    demGpCov2D: no visible global function definition for 'graphics.off'
    demGpCov2D: no visible global function definition for 'dev.new'
    demGpCov2D: no visible global function definition for 'lines'
    demGpCov2D: no visible global function definition for 'dev.set'
    demGpCov2D: no visible global function definition for 'dev.copy2eps'
    demGpSample: no visible global function definition for 'graphics.off'
    demGpSample: no visible global function definition for 'par'
    demGpSample: no visible global function definition for 'heat.colors'
    demGpSample: no visible global function definition for 'gray.colors'
    demGpSample: no visible global function definition for 'dev.copy2eps'
    demGpSample: no visible global function definition for 'dev.new'
    demInterpolation: no visible global function definition for
     'graphics.off'
    demInterpolation: no visible global function definition for 'dev.new'
    demInterpolation: no visible global function definition for 'plot.new'
    demInterpolation: no visible global function definition for
     'dev.copy2eps'
    demInterpolation: no visible global function definition for 'points'
    demOptimiseGp: no visible global function definition for 'graphics.off'
    demOptimiseGp: no visible global function definition for 'dev.new'
    demOptimiseGp: no visible global function definition for 'plot.new'
    demOptimiseGp: no visible global function definition for 'dev.copy2eps'
    demOptimiseGp: no visible global function definition for 'matplot'
    demOptimiseGp: no visible global function definition for 'legend'
    demRegression: no visible global function definition for 'graphics.off'
    demRegression: no visible global function definition for 'dev.new'
    demRegression: no visible global function definition for 'plot.new'
    demRegression: no visible global function definition for 'dev.copy2eps'
    demRegression: no visible global function definition for 'points'
    gaussSamp: no visible global function definition for 'rnorm'
    gpCovGrads: no visible global function definition for 'diag.spam'
    gpCreate: no visible global function definition for 'sd'
    gpPlot: no visible global function definition for 'rgb'
    gpPlot: no visible global function definition for 'polygon'
    gpPlot: no visible global function definition for 'points'
    gpPlot: no visible global function definition for 'lines'
    gpPlot: no visible global function definition for 'rnorm'
    gpPosteriorSample: no visible global function definition for 'runif'
    gpPosteriorSample: no visible global function definition for
     'graphics.off'
    gpPosteriorSample: no visible global function definition for 'dev.new'
    gpPosteriorSample: no visible global function definition for 'plot.new'
    gpPosteriorSample: no visible global function definition for 'matplot'
    gpPosteriorSample: no visible global function definition for 'points'
    gpPosteriorSample: no visible global function definition for
     'dev.copy2eps'
    gpSample: no visible global function definition for 'graphics.off'
    gpSample: no visible global function definition for 'dev.new'
    gpSample: no visible global function definition for 'plot.new'
    gpSample: no visible global function definition for 'matplot'
    gpSample: no visible global function definition for 'dev.copy2eps'
    gpTest: no visible global function definition for 'rnorm'
    gpUpdateAD: no visible global function definition for 'diag.spam'
    gpUpdateKernels: no visible global function definition for 'diag.spam'
    kernTest: no visible global function definition for 'rnorm'
    zeroAxes: no visible global function definition for 'abline'
    Undefined global functions or variables:
     abline dev.copy2eps dev.new dev.set diag.spam graphics.off
     gray.colors heat.colors legend lines matplot optim optimize par
     plot.new points polygon qgamma qnorm rgb rnorm runif sd title
    Consider adding
     importFrom("grDevices", "dev.copy2eps", "dev.new", "dev.set",
     "graphics.off", "gray.colors", "heat.colors", "rgb")
     importFrom("graphics", "abline", "legend", "lines", "matplot", "par",
     "plot.new", "points", "polygon", "title")
     importFrom("stats", "optim", "optimize", "qgamma", "qnorm", "rnorm",
     "runif", "sd")
    to your NAMESPACE file.
Flavors: r-devel-linux-x86_64-debian-clang, r-devel-linux-x86_64-debian-gcc, r-devel-linux-x86_64-fedora-clang, r-devel-linux-x86_64-fedora-gcc, r-devel-windows-x86_64-new-UL, r-devel-windows-x86_64-new-TK, r-patched-linux-x86_64, r-release-linux-x86_64, r-release-macos-arm64, r-release-macos-x86_64, r-release-windows-ix86+x86_64, r-oldrel-macos-x86_64, r-oldrel-windows-ix86+x86_64

Version: 1.08
Check: examples
Result: ERROR
    Running examples in 'gptk-Ex.R' failed
    The error occurred in:
    
    
    R version 4.1.2 (2021-11-01) -- "Bird Hippie"
    Copyright (C) 2021 The R Foundation for Statistical Computing
    Platform: x86_64-w64-mingw32/x64 (64-bit)
    
    R is free software and comes with ABSOLUTELY NO WARRANTY.
    You are welcome to redistribute it under certain conditions.
    Type 'license()' or 'licence()' for distribution details.
    
     Natural language support but running in an English locale
    
    R is a collaborative project with many contributors.
    Type 'contributors()' for more information and
    'citation()' on how to cite R or R packages in publications.
    
    Type 'demo()' for some demos, 'help()' for on-line help, or
    'help.start()' for an HTML browser interface to help.
    Type 'q()' to quit R.
    
    > pkgname <- "gptk"
    > source(file.path(R.home("share"), "R", "examples-header.R"))
    > options(warn = 1)
    > options(pager = "console")
    > library('gptk')
    Error in library("gptk") : there is no package called 'gptk'
    Execution halted
Flavor: r-release-windows-ix86+x86_64