CRAN Package Check Results for Package gplite

Last updated on 2022-01-25 23:50:26 CET.

Flavor Version Tinstall Tcheck Ttotal Status Flags
r-devel-linux-x86_64-debian-clang 0.12.0 31.37 216.82 248.19 OK
r-devel-linux-x86_64-debian-gcc 0.12.0 23.44 164.38 187.82 OK
r-devel-linux-x86_64-fedora-clang 0.12.0 306.95 OK
r-devel-linux-x86_64-fedora-gcc 0.12.0 295.61 OK
r-devel-windows-x86_64-new-UL 0.12.0 84.00 276.00 360.00 OK
r-devel-windows-x86_64-new-TK 0.12.0 OK
r-patched-linux-x86_64 0.12.0 28.60 208.04 236.64 OK
r-release-linux-x86_64 0.12.0 28.30 210.09 238.39 OK
r-release-macos-arm64 0.12.0 NOTE
r-release-macos-x86_64 0.12.0 OK
r-release-windows-ix86+x86_64 0.12.0 78.00 340.00 418.00 NOTE
r-oldrel-macos-x86_64 0.12.0 OK
r-oldrel-windows-ix86+x86_64 0.12.0 78.00 349.00 427.00 NOTE

Check Details

Version: 0.12.0
Check: installed package size
Result: NOTE
     installed size is 5.0Mb
     sub-directories of 1Mb or more:
     doc 3.1Mb
     libs 1.6Mb
Flavors: r-release-macos-arm64, r-release-windows-ix86+x86_64, r-oldrel-windows-ix86+x86_64