CRAN Package Check Results for Package goxygen

Last updated on 2022-12-03 23:56:16 CET.

Flavor Version Tinstall Tcheck Ttotal Status Flags
r-devel-linux-x86_64-debian-clang 1.0.3 6.85 89.93 96.78 OK
r-devel-linux-x86_64-debian-gcc 1.0.3 6.03 68.23 74.26 OK
r-devel-linux-x86_64-fedora-clang 1.0.3 132.04 OK
r-devel-linux-x86_64-fedora-gcc 1.0.3 141.54 OK
r-devel-windows-x86_64 1.0.3 26.00 173.00 199.00 OK
r-patched-linux-x86_64 1.0.3 12.64 84.44 97.08 OK
r-release-linux-x86_64 1.0.3 6.62 91.23 97.85 OK
r-release-macos-arm64 1.0.3 46.00 OK
r-release-macos-x86_64 1.0.3 77.00 OK
r-release-windows-x86_64 1.0.3 33.00 183.00 216.00 OK
r-oldrel-macos-arm64 1.0.3 32.00 OK
r-oldrel-macos-x86_64 1.0.3 48.00 OK
r-oldrel-windows-ix86+x86_64 1.0.3 17.00 138.00 155.00 WARN

Check Details

Version: 1.0.3
Check: for unstated dependencies in ‘tests’
Result: WARN
    Warning: unable to access index for repository https://bioconductor.org/packages/3.14/bioc/src/contrib:
     cannot open URL 'https://bioconductor.org/packages/3.14/bioc/src/contrib/PACKAGES'
    Warning: unable to access index for repository https://bioconductor.org/packages/3.14/data/annotation/src/contrib:
     cannot open URL 'https://bioconductor.org/packages/3.14/data/annotation/src/contrib/PACKAGES'
    Warning: unable to access index for repository https://bioconductor.org/packages/3.14/data/experiment/src/contrib:
     cannot open URL 'https://bioconductor.org/packages/3.14/data/experiment/src/contrib/PACKAGES'
Flavor: r-oldrel-windows-ix86+x86_64